{"id":241,"date":"2015-09-28T02:02:20","date_gmt":"2015-09-28T00:02:20","guid":{"rendered":"http:\/\/www.spieltz.de\/werbespiele\/shop\/preiskategorie-e\/hilfe-sie-wollen-den-weihnachtsmann-klauen-ausfuehrung-brettspiel\/"},"modified":"2016-04-14T15:23:21","modified_gmt":"2016-04-14T13:23:21","slug":"weihnachtsmann-brettspiel","status":"publish","type":"product","link":"https:\/\/spieltz.de\/werbespiele\/shop\/spiele-kategorie\/strategiespiele\/weihnachtsmann-brettspiel\/","title":{"rendered":"Hilfe, sie wollen den Weihnachtsmann klauen!"},"content":{"rendered":"<ul>\n<li>Art des Spiels: Brettspiel,\u00a0Strategiespiel<\/li>\n<li>Ausf\u00fchrung:\u00a0Spielplan (Gr\u00f6\u00dfe 30 x 30 cm) auf hochwertiger Spiele-Pappe, Verpackung: St\u00fclpdeckelschachtel<\/li>\n<li>Zubeh\u00f6r: Spielsteine\u00a0aus bunt lackiertem Holz, mit lustigen Aufklebern<\/li>\n<li>Themenkategorie:\u00a0Weihnachten \/\u00a0Thema: Weihnachtsmann Brettspiel<\/li>\n<li>Anzahl Spieler: 2\u00a0Spieler<\/li>\n<li>Empfohlenes Alter: ab 8 Jahren<\/li>\n<li>Spieldauer: etwa 20\u00a0Minuten<\/li>\n<li>Mit oder ohne Werbeaufdruck<\/li>\n<li>Ihr Werbeaufdruck auf Spielplan,\u00a0Verpackung + Anleitung<\/li>\n<li>Auf Wunsch passen unsere Grafiker das gesamte Spiel an Ihr Corporate Design an (Farben, Schriften). Fragen Sie daf\u00fcr nach einem individuellen Angebot.<\/li>\n<\/ul>\n<h3>Das Spiel<\/h3>\n<p>Wie jedes Kind wei\u00df, wohnt der Weihnachtsmann in einer kleinen Waldh\u00fctte, zusammen mit seinen 12 treuen Rentieren. Das ganze Ja<span class=\"text_exposed_show\">hr \u00fcber bastelt er Geschenke, am 24. Dezember setzt er sich in seinen Schlitten und l\u00e4sst sich von den Rentieren zu den Menschen bringen, um die sch\u00f6nen Sachen zu verteilen. Dieses Jahr droht Schreckliches: Die b\u00f6sen Schneem\u00e4nner haben den Plan geschmiedet, den Weihnachtsmann zu klauen und damit das Weihnachtsfest zu verhindern! Wer wird gewinnen: Der Weihnachtsmann und seine Freunde, die Rentiere &#8211; oder die b\u00f6sen Schneem\u00e4nner?<\/span><\/p>\n<p>Autor: unbekannt \/ traditionelles Spiel, adaptiert von Karin Janner<br \/>\nDesign: Anna Levinson<\/p>\n<h3>Spielmaterial<\/h3>\n<ul>\n<li>1 Spielplan<\/li>\n<li>37\u00a0x lustig bunte Spielfiguren: Weihnachtsmann, Rentiere und b\u00f6se Schneem\u00e4nner. Scheiben aus bunt lackiertem Holz +\u00a0Klebelabel<\/li>\n<li>Anleitung auf Deutsch (gegen Aufpreis auch \u00dcbersetzung in andere Sprachen m\u00f6glich)<\/li>\n<li>Verpackung:\u00a0St\u00fclpdeckelschachtel<\/li>\n<\/ul>\n<p>[table id=6 \/]<\/p>\n<p>&#8212;<\/p>\n<p>keywords: weihnachtsmann brettspiel<\/p>\n","protected":false},"excerpt":{"rendered":"<p>Art des Spiels: Brettspiel,\u00a0Strategiespiel Ausf\u00fchrung:\u00a0Spielplan (Gr\u00f6\u00dfe 30 x 30 cm) auf hochwertiger Spiele-Pappe, Verpackung: St\u00fclpdeckelschachtel Zubeh\u00f6r: Spielsteine\u00a0aus bunt lackiertem Holz, mit lustigen Aufklebern Themenkategorie:\u00a0Weihnachten \/\u00a0Thema: Weihnachtsmann Brettspiel Anzahl Spieler: 2\u00a0Spieler Empfohlenes Alter: ab 8 Jahren Spieldauer: etwa 20\u00a0Minuten Mit oder ohne Werbeaufdruck Ihr Werbeaufdruck auf Spielplan,\u00a0Verpackung + Anleitung Auf Wunsch passen unsere Grafiker das gesamte [&hellip;]<\/p>\n","protected":false},"featured_media":600,"comment_status":"open","ping_status":"closed","template":"","meta":{"_themeisle_gutenberg_block_has_review":false},"product_cat":[112,84,92,42,101,80],"product_tag":[70,199,62,66,37,56],"_links":{"self":[{"href":"https:\/\/spieltz.de\/werbespiele\/wp-json\/wp\/v2\/product\/241"}],"collection":[{"href":"https:\/\/spieltz.de\/werbespiele\/wp-json\/wp\/v2\/product"}],"about":[{"href":"https:\/\/spieltz.de\/werbespiele\/wp-json\/wp\/v2\/types\/product"}],"replies":[{"embeddable":true,"href":"https:\/\/spieltz.de\/werbespiele\/wp-json\/wp\/v2\/comments?post=241"}],"wp:featuredmedia":[{"embeddable":true,"href":"https:\/\/spieltz.de\/werbespiele\/wp-json\/wp\/v2\/media\/600"}],"wp:attachment":[{"href":"https:\/\/spieltz.de\/werbespiele\/wp-json\/wp\/v2\/media?parent=241"}],"wp:term":[{"taxonomy":"product_cat","embeddable":true,"href":"https:\/\/spieltz.de\/werbespiele\/wp-json\/wp\/v2\/product_cat?post=241"},{"taxonomy":"product_tag","embeddable":true,"href":"https:\/\/spieltz.de\/werbespiele\/wp-json\/wp\/v2\/product_tag?post=241"}],"curies":[{"name":"wp","href":"https:\/\/api.w.org\/{rel}","templated":true}]}}