{"id":184,"date":"2015-09-12T23:13:23","date_gmt":"2015-09-12T21:13:23","guid":{"rendered":"http:\/\/www.spieltz.de\/werbespiele\/shop\/preiskategorie-e\/goldraub-das-piratenspiel-ausfuehrung-brettspiel\/"},"modified":"2015-11-13T03:33:31","modified_gmt":"2015-11-13T02:33:31","slug":"goldraub-das-piratenspiel-brettspiel","status":"publish","type":"product","link":"https:\/\/spieltz.de\/werbespiele\/shop\/spieldauer\/30-45-minuten\/goldraub-das-piratenspiel-brettspiel\/","title":{"rendered":"Goldraub &#8211; das Piratenspiel"},"content":{"rendered":"<ul>\n<li>Art des Spiels: Brettspiel, Familienspiel, Gesellschaftsspiel<\/li>\n<li>Ausf\u00fchrung: Spielbrett Graupappe, kaschiert, lackiert, in St\u00fclpdeckelschachtel<\/li>\n<li>Zubeh\u00f6r: Spielfiguren und W\u00fcrfel aus bunt lackiertem Holz<\/li>\n<li>Spielthema: Piraten<\/li>\n<li>Anzahl Spieler: 3\u00a0\u2013 4 Spieler<\/li>\n<li>Empfohlenes Alter: ab 8 Jahren<\/li>\n<li>Spieldauer: etwa 30 \u2013 45 Minuten<\/li>\n<li>Werbeaufdruck auf Spielbrett + Schachtel<\/li>\n<\/ul>\n<h3>Das Spiel<\/h3>\n<p>Eine erfolgreiche Saison\u00a0geht fu\u0308r die Piratenkapit\u00e4ne und\u00a0ihre Mannschaften zu Ende. Alle\u00a0haben reiche Beute gemacht. Auf einer abgelegenen Insel sollen die Sch\u00e4tze in Sicherheit gebracht werden. Dummerweise haben sich alle Kapit\u00e4ne fu\u0308r dieselbe Insel entschieden. Jede Mannschaft versucht, ihren Schatz m\u00f6glichst ohne Verluste ins eigene Versteck zu bringen. Besonderes Glu\u0308ck hat, wer auf der<br \/>\nInsel auch noch anderen Piratenmannschaften Gold abnehmen und fremde Piraten gefangen nehmen<br \/>\nkann. Vor dem Gewinner wird sicher jeder vor Ehrfurcht erzittern!<\/p>\n<p>Autoren: Karin Janner und Steffen Kawelke<br \/>\nDesign:\u00a0Steffen Kawelke<\/p>\n<h3>Spielmaterial<\/h3>\n<ul>\n<li>1 Spielplan Graupappe, kaschiert, lackiert<\/li>\n<li>4 x Spielfiguren &#8220;Kapit\u00e4n&#8221;, 4&#215;3 Spielfiguren &#8220;Matrose&#8221; + 1\u00a0W\u00fcrfel aus bunt lackiertem Holz<\/li>\n<li>Anleitung auf Deutsch (gegen Aufpreis auch \u00dcbersetzung in andere Sprachen m\u00f6glich)<\/li>\n<li>Verpackung:\u00a0St\u00fclpdeckelschachtel, kaschiert, lackiert<\/li>\n<\/ul>\n<h2 class=\"tablepress-table-name tablepress-table-name-id-6\">Preiskategorie E<\/h2>\n<table id=\"tablepress-6\" class=\"tablepress tablepress-id-6\">\n<thead>\n<tr class=\"row-1 odd\">\n<th class=\"column-1\">Auflage: Anzahl Spiele<\/th>\n<th class=\"column-2\">100<\/th>\n<th class=\"column-3\">200<\/th>\n<th class=\"column-4\">300<\/th>\n<th class=\"column-5\">500<\/th>\n<th class=\"column-6\">1.000<\/th>\n<th class=\"column-7\">2.000<\/th>\n<th class=\"column-8\">3.000<\/th>\n<th class=\"column-9\">5.000<\/th>\n<\/tr>\n<\/thead>\n<tbody>\n<tr class=\"row-2 even\">\n<td class=\"column-1\">Standard-Gr\u00f6\u00dfe<\/td>\n<td class=\"column-2\">24,60<\/td>\n<td class=\"column-3\">18,40<\/td>\n<td class=\"column-4\">13,60<\/td>\n<td class=\"column-5\">9,00<\/td>\n<td class=\"column-6\">6,40<\/td>\n<td class=\"column-7\">4,55<\/td>\n<td class=\"column-8\">3,80<\/td>\n<td class=\"column-9\">3,10<\/td>\n<\/tr>\n<tr class=\"row-3 odd\">\n<td class=\"column-1\">Standard-Gr\u00f6\u00dfe mit Werbeaufdruck<\/td>\n<td class=\"column-2\">26,60<\/td>\n<td class=\"column-3\">19,00<\/td>\n<td class=\"column-4\">14,70<\/td>\n<td class=\"column-5\">10,00<\/td>\n<td class=\"column-6\">7,10<\/td>\n<td class=\"column-7\">5,00<\/td>\n<td class=\"column-8\">4,10<\/td>\n<td class=\"column-9\">3,40<\/td>\n<\/tr>\n<\/tbody>\n<\/table>\n<p>Preis pro Spiel (EUR), netto.<\/p>\n","protected":false},"excerpt":{"rendered":"<p>Art des Spiels: Brettspiel, Familienspiel, Gesellschaftsspiel Ausf\u00fchrung: Spielbrett Graupappe, kaschiert, lackiert, in St\u00fclpdeckelschachtel Zubeh\u00f6r: Spielfiguren und W\u00fcrfel aus bunt lackiertem Holz Spielthema: Piraten Anzahl Spieler: 3\u00a0\u2013 4 Spieler Empfohlenes Alter: ab 8 Jahren Spieldauer: etwa 30 \u2013 45 Minuten Werbeaufdruck auf Spielbrett + Schachtel Das Spiel Eine erfolgreiche Saison\u00a0geht fu\u0308r die Piratenkapit\u00e4ne und\u00a0ihre Mannschaften zu [&hellip;]<\/p>\n","protected":false},"featured_media":600,"comment_status":"open","ping_status":"closed","template":"","meta":{"_themeisle_gutenberg_block_has_review":false},"product_cat":[104,110,92,42,113],"product_tag":[70,200,192,201,62,64,54,56],"_links":{"self":[{"href":"https:\/\/spieltz.de\/werbespiele\/wp-json\/wp\/v2\/product\/184"}],"collection":[{"href":"https:\/\/spieltz.de\/werbespiele\/wp-json\/wp\/v2\/product"}],"about":[{"href":"https:\/\/spieltz.de\/werbespiele\/wp-json\/wp\/v2\/types\/product"}],"replies":[{"embeddable":true,"href":"https:\/\/spieltz.de\/werbespiele\/wp-json\/wp\/v2\/comments?post=184"}],"wp:featuredmedia":[{"embeddable":true,"href":"https:\/\/spieltz.de\/werbespiele\/wp-json\/wp\/v2\/media\/600"}],"wp:attachment":[{"href":"https:\/\/spieltz.de\/werbespiele\/wp-json\/wp\/v2\/media?parent=184"}],"wp:term":[{"taxonomy":"product_cat","embeddable":true,"href":"https:\/\/spieltz.de\/werbespiele\/wp-json\/wp\/v2\/product_cat?post=184"},{"taxonomy":"product_tag","embeddable":true,"href":"https:\/\/spieltz.de\/werbespiele\/wp-json\/wp\/v2\/product_tag?post=184"}],"curies":[{"name":"wp","href":"https:\/\/api.w.org\/{rel}","templated":true}]}}