{"id":171,"date":"2015-09-12T21:53:10","date_gmt":"2015-09-12T19:53:10","guid":{"rendered":"http:\/\/www.spieltz.de\/werbespiele\/shop\/preiskategorie-b\/fuchs-und-gaense-der-spiele-klassiker-ausfuehrung-rollspiel\/"},"modified":"2018-08-16T16:37:06","modified_gmt":"2018-08-16T14:37:06","slug":"fuchs-und-gaense-spiel-werbespiel-rollbar","status":"publish","type":"product","link":"https:\/\/spieltz.de\/werbespiele\/shop\/spiele-kategorie\/traditionelle-brettspiele\/fuchs-und-gaense-spiel-werbespiel-rollbar\/","title":{"rendered":"Fuchs und G\u00e4nse &#8211; der Spiele-Klassiker"},"content":{"rendered":"<ul>\n<li>Art des Spiels: Brettspiel, Strategiespiel,\u00a0traditionelles Spiel<\/li>\n<li>Ausf\u00fchrung: Spielplan auf LKW-Plane, verpackt in eine Papprolle<\/li>\n<li>Zubeh\u00f6r: Spielfiguren und W\u00fcrfel aus bunt lackiertem Holz<\/li>\n<li>2 Spieler<\/li>\n<li>ab 6 Jahren<\/li>\n<li>Spieldauer: etwa 20\u00a0Minuten<\/li>\n<li>Mit oder ohne Werbeaufdruck erh\u00e4ltlich. Werbeaufdruck auf Verpackung und Spielplan, Position und Gr\u00f6\u00dfe wird individuell festgelegt.<\/li>\n<\/ul>\n<h3>Das Spiel<\/h3>\n<p>Zwei Parteien k\u00e4mpfen in diesem Spiele-Klassiker gegeneinander: Der Fuchs und die G\u00e4nse. Der Fuchs will die G\u00e4nse fressen; die G\u00e4nse hingegen wollen den Fuchs so einkreisen, dass er sich nicht mehr bewegen kann. Dieses taktische Spiel um J\u00e4ger und Gejagte wurde schon vor \u00fcber 1000 Jahren von den Wikingern gespielt. Bis heute hat es nicht an Reiz verloren.<\/p>\n<p>Autor: unbekannt \/ traditionelles Spiel<br \/>\nDesign:\u00a0Stefanie Ine Grewe<\/p>\n<h3>Spielmaterial<\/h3>\n<ul>\n<li>1 Spielplan (LKW-Plane)<\/li>\n<li>1\u00a0Spielfigur \u201eFuchs\u201c + 13 Spielfiguren &#8220;G\u00e4nse&#8221;\u00a0aus bunt lackiertem Holz<\/li>\n<li>Spielanleitung auf Deutsch (gegen Aufpreis auch \u00dcbersetzung in andere Sprachen m\u00f6glich)<\/li>\n<li>Verpackung: Papprolle, wei\u00df gl\u00e4nzend, mit Aufkleber. (Auf Wunsch auch andere Verpackungsarten, z.B. Schraubrolle aus durchsichtigem PVC.)<\/li>\n<\/ul>\n<p>[table id=3 \/]<\/p>\n<p><em>Suchbegriffe: Fuchs und G\u00e4nse Spiel, traditionelle Brettspiele, Werbespiele<\/em><\/p>\n","protected":false},"excerpt":{"rendered":"<p>Fuchs und G\u00e4nse &#8211;\u00a0das traditionelle Strategie-Brettspiel f\u00fcr 2 Spieler ab\u00a06 Jahren.\u00a0Rollbarer Spielplan (verschiedene Gr\u00f6\u00dfen) aus LKW-Plane, Spielfiguren aus Holz.\u00a0Mit oder ohne Werbeaufdruck. Staffelpreise 10 &#8211; 1.000 Spiele.<\/p>\n","protected":false},"featured_media":924,"comment_status":"open","ping_status":"closed","template":"","meta":{"_themeisle_gutenberg_block_has_review":false},"product_cat":[112,84,81,117,39,101,100],"product_tag":[68,182,66,69,65,67,56],"_links":{"self":[{"href":"https:\/\/spieltz.de\/werbespiele\/wp-json\/wp\/v2\/product\/171"}],"collection":[{"href":"https:\/\/spieltz.de\/werbespiele\/wp-json\/wp\/v2\/product"}],"about":[{"href":"https:\/\/spieltz.de\/werbespiele\/wp-json\/wp\/v2\/types\/product"}],"replies":[{"embeddable":true,"href":"https:\/\/spieltz.de\/werbespiele\/wp-json\/wp\/v2\/comments?post=171"}],"wp:featuredmedia":[{"embeddable":true,"href":"https:\/\/spieltz.de\/werbespiele\/wp-json\/wp\/v2\/media\/924"}],"wp:attachment":[{"href":"https:\/\/spieltz.de\/werbespiele\/wp-json\/wp\/v2\/media?parent=171"}],"wp:term":[{"taxonomy":"product_cat","embeddable":true,"href":"https:\/\/spieltz.de\/werbespiele\/wp-json\/wp\/v2\/product_cat?post=171"},{"taxonomy":"product_tag","embeddable":true,"href":"https:\/\/spieltz.de\/werbespiele\/wp-json\/wp\/v2\/product_tag?post=171"}],"curies":[{"name":"wp","href":"https:\/\/api.w.org\/{rel}","templated":true}]}}