{"id":135,"date":"2015-09-02T13:29:26","date_gmt":"2015-09-02T11:29:26","guid":{"rendered":"http:\/\/www.spieltz.de\/werbespiele\/shop\/preiskategorie-i\/der-spielbare-weihnachts-versandkarton-maxibrief\/"},"modified":"2015-11-13T03:47:07","modified_gmt":"2015-11-13T02:47:07","slug":"der-spielbare-weihnachts-versandkarton-maxibrief","status":"publish","type":"product","link":"https:\/\/spieltz.de\/werbespiele\/shop\/spieldauer\/30-45-minuten\/der-spielbare-weihnachts-versandkarton-maxibrief\/","title":{"rendered":"Der spielbare Weihnachts-Versandkarton (Maxibrief)"},"content":{"rendered":"<ul>\n<li>Art des Spiels: Brettspiel, Familienspiel, Gesellschaftsspiel<\/li>\n<li>Ausf\u00fchrung:\u00a0spielbarer Maxibrief-Versandkarton<\/li>\n<li>Zubeh\u00f6r: Spielfiguren und W\u00fcrfel aus bunt lackiertem Holz<\/li>\n<li>Spielthema: Weihnachten<\/li>\n<li>Anzahl Spieler: 2\u00a0\u2013 6 Spieler<\/li>\n<li>Empfohlenes Spielalter: ab 6\u00a0Jahren<\/li>\n<li>Spieldauer: etwa 30 &#8211; 45\u00a0Minuten<\/li>\n<li>Werbeaufdruck: auf\u00a0der R\u00fcckseite der Verpackung (Versandverpackung)<\/li>\n<\/ul>\n<h3><strong>Format: Der Versandkarton Maxibrief<\/strong><\/h3>\n<p>Ein Versandkarton, der aufgehoben wird! Denn er ist spielbar. Auf der Vorderseite ist Spielplan aufgedruckt, auf der R\u00fcckseite Platz f\u00fcr Ihre Werbung. Anleitung und Spielfiguren sind im Karton untergebracht, dort ist auch ausreichend Platz f\u00fcr Ihre Flyer oder Produktbrosch\u00fcren.<\/p>\n<p>Der Karton ist so bemessen, dass er als Maxibrief versendet werden kann: Au\u00dfenma\u00df [mm]: 350 x 250 x 50 Innenma\u00df [mm]: 336 x 244 x 46<\/p>\n<h3><strong>Das Spiel<\/strong><\/h3>\n<p>Wer schafft es als Erster, mit seinen beiden Spielfiguren den Stern an der Spitze des Weihnachtsbaumes zu erreichen? Gestartet wird ganz unten, von dort aus geht es im Zickzack den Baum hinauf, bis zum Stern ganz oben (Feld 63). Unterwegs sind einige Hindernisse zu \u00fcberwinden.<\/p>\n<p>Autorin: Karin Janner<br \/>\nDesign:\u00a0Ilya Borisov<\/p>\n<h3><strong>Spielmaterial<\/strong><\/h3>\n<ul>\n<li>Versandkarton als Spiel. Au\u00dfenma\u00df [mm]: 350 x 250 x 50 Innenma\u00df [mm]: 336 x 244 x 46<\/li>\n<li>6 x 2\u00a0Spielfiguren aus lackiertem Holz, lackierte Holzpl\u00e4ttchen mit Aufkleber (&#8220;Weihnachtsschmuck&#8221;)<\/li>\n<\/ul>\n<p>[table id=10 \/]<\/p>\n","protected":false},"excerpt":{"rendered":"<p>Art des Spiels: Brettspiel, Familienspiel, Gesellschaftsspiel Ausf\u00fchrung:\u00a0spielbarer Maxibrief-Versandkarton Zubeh\u00f6r: Spielfiguren und W\u00fcrfel aus bunt lackiertem Holz Spielthema: Weihnachten Anzahl Spieler: 2\u00a0\u2013 6 Spieler Empfohlenes Spielalter: ab 6\u00a0Jahren Spieldauer: etwa 30 &#8211; 45\u00a0Minuten Werbeaufdruck: auf\u00a0der R\u00fcckseite der Verpackung (Versandverpackung) Format: Der Versandkarton Maxibrief Ein Versandkarton, der aufgehoben wird! Denn er ist spielbar. Auf der Vorderseite ist [&hellip;]<\/p>\n","protected":false},"featured_media":888,"comment_status":"open","ping_status":"closed","template":"","meta":{"_themeisle_gutenberg_block_has_review":false},"product_cat":[109,110,81,46,80],"product_tag":[68,192,189,62,37,56],"_links":{"self":[{"href":"https:\/\/spieltz.de\/werbespiele\/wp-json\/wp\/v2\/product\/135"}],"collection":[{"href":"https:\/\/spieltz.de\/werbespiele\/wp-json\/wp\/v2\/product"}],"about":[{"href":"https:\/\/spieltz.de\/werbespiele\/wp-json\/wp\/v2\/types\/product"}],"replies":[{"embeddable":true,"href":"https:\/\/spieltz.de\/werbespiele\/wp-json\/wp\/v2\/comments?post=135"}],"wp:featuredmedia":[{"embeddable":true,"href":"https:\/\/spieltz.de\/werbespiele\/wp-json\/wp\/v2\/media\/888"}],"wp:attachment":[{"href":"https:\/\/spieltz.de\/werbespiele\/wp-json\/wp\/v2\/media?parent=135"}],"wp:term":[{"taxonomy":"product_cat","embeddable":true,"href":"https:\/\/spieltz.de\/werbespiele\/wp-json\/wp\/v2\/product_cat?post=135"},{"taxonomy":"product_tag","embeddable":true,"href":"https:\/\/spieltz.de\/werbespiele\/wp-json\/wp\/v2\/product_tag?post=135"}],"curies":[{"name":"wp","href":"https:\/\/api.w.org\/{rel}","templated":true}]}}