{"id":119,"date":"2015-09-02T13:02:15","date_gmt":"2015-09-02T11:02:15","guid":{"rendered":"http:\/\/www.spieltz.de\/werbespiele\/shop\/preiskategorie-e\/keksdiebe-2\/"},"modified":"2015-11-13T03:50:54","modified_gmt":"2015-11-13T02:50:54","slug":"keksdiebe-brettspiel","status":"publish","type":"product","link":"https:\/\/spieltz.de\/werbespiele\/shop\/spieldauer\/30-45-minuten\/keksdiebe-brettspiel\/","title":{"rendered":"Keksdiebe &#8211; alle auf die Pl\u00e4tzchen!"},"content":{"rendered":"<ul>\n<li>Art des Spiels: Brettspiel, Familienspiel, Gesellschaftsspiel<\/li>\n<li>Ausf\u00fchrung: Spielbrett Graupappe, kaschiert, lackiert, in St\u00fclpdeckelschachtel<\/li>\n<li>Zubeh\u00f6r: Spielfiguren und W\u00fcrfel aus bunt lackiertem Holz<\/li>\n<li>Spielthema:\u00a0Kekse, Winter, Weihnachten<\/li>\n<li>Anzahl Spieler: 2 \u2013 4\u00a0Spieler<\/li>\n<li>Empfohlenes Spielalter: ab 8 Jahren<\/li>\n<li>Spieldauer: 30 \u2013 45 Minuten<\/li>\n<li>Werbeaufdruck: auf Spielplan und Verpackung<\/li>\n<\/ul>\n<h3>Das Spiel<\/h3>\n<p>Mama hat Pl\u00e4tzchen gebacken! Kaum verl\u00e4sst sie die K\u00fcche, stibitzt jeder so viele Pl\u00e4tzchen wie er tragen kann und versucht, diese in sein S\u00fc\u00dfigkeiten-Versteck zu bringen. Das ist aber nicht so einfach: es sind auch andere Keksdiebe unterwegs, die einen Teil der Beute wieder abjagen k\u00f6nnen. Oder man l\u00e4uft Mama oder Papa in die Arme l\u00e4uft und die Kekse wandern sofort wieder in die K\u00fcche. Wer schafft es, innerhalb der vorgegebenen Spielzeit die meisten Kekse zu klauen?<\/p>\n<p>Autorin: Karin Janner<br \/>\nDesign: Dorina und Gordon Tessmann<\/p>\n<h3>Spielmaterial<\/h3>\n<ul>\n<li>1 Spielbrett Graupappe, kaschiert,\u00a0lackiert<\/li>\n<li>4 x 6 Spielfiguren \u201eKekse\u201c + 2 W\u00fcrfel aus bunt lackiertem Holz<\/li>\n<li>Anleitung auf Deutsch (gegen Aufpreis auch \u00dcbersetzung in andere Sprachen m\u00f6glich)<\/li>\n<li>Verpackung:\u00a0St\u00fclpdeckelschachtel, kaschiert, lackiert<\/li>\n<\/ul>\n<p>[table id=6 \/]<\/p>\n","protected":false},"excerpt":{"rendered":"<p>Art des Spiels: Brettspiel, Familienspiel, Gesellschaftsspiel Ausf\u00fchrung: Spielbrett Graupappe, kaschiert, lackiert, in St\u00fclpdeckelschachtel Zubeh\u00f6r: Spielfiguren und W\u00fcrfel aus bunt lackiertem Holz Spielthema:\u00a0Kekse, Winter, Weihnachten Anzahl Spieler: 2 \u2013 4\u00a0Spieler Empfohlenes Spielalter: ab 8 Jahren Spieldauer: 30 \u2013 45 Minuten Werbeaufdruck: auf Spielplan und Verpackung Das Spiel Mama hat Pl\u00e4tzchen gebacken! Kaum verl\u00e4sst sie die K\u00fcche, [&hellip;]<\/p>\n","protected":false},"featured_media":600,"comment_status":"open","ping_status":"closed","template":"","meta":{"_themeisle_gutenberg_block_has_review":false},"product_cat":[125,110,92,42,126,80],"product_tag":[70,192,198,202,62,64,37,56],"_links":{"self":[{"href":"https:\/\/spieltz.de\/werbespiele\/wp-json\/wp\/v2\/product\/119"}],"collection":[{"href":"https:\/\/spieltz.de\/werbespiele\/wp-json\/wp\/v2\/product"}],"about":[{"href":"https:\/\/spieltz.de\/werbespiele\/wp-json\/wp\/v2\/types\/product"}],"replies":[{"embeddable":true,"href":"https:\/\/spieltz.de\/werbespiele\/wp-json\/wp\/v2\/comments?post=119"}],"wp:featuredmedia":[{"embeddable":true,"href":"https:\/\/spieltz.de\/werbespiele\/wp-json\/wp\/v2\/media\/600"}],"wp:attachment":[{"href":"https:\/\/spieltz.de\/werbespiele\/wp-json\/wp\/v2\/media?parent=119"}],"wp:term":[{"taxonomy":"product_cat","embeddable":true,"href":"https:\/\/spieltz.de\/werbespiele\/wp-json\/wp\/v2\/product_cat?post=119"},{"taxonomy":"product_tag","embeddable":true,"href":"https:\/\/spieltz.de\/werbespiele\/wp-json\/wp\/v2\/product_tag?post=119"}],"curies":[{"name":"wp","href":"https:\/\/api.w.org\/{rel}","templated":true}]}}