{"id":105,"date":"2015-09-02T11:27:58","date_gmt":"2015-09-02T09:27:58","guid":{"rendered":"http:\/\/www.spieltz.de\/werbespiele\/shop\/preiskategorie-c\/pfefferminz-und-baldrian-2\/"},"modified":"2017-10-11T01:17:20","modified_gmt":"2017-10-10T23:17:20","slug":"pfefferminz-und-baldrian-werbespiele-rollbar","status":"publish","type":"product","link":"https:\/\/spieltz.de\/werbespiele\/shop\/spiele-kategorie\/lernspiele\/pfefferminz-und-baldrian-werbespiele-rollbar\/","title":{"rendered":"Pfefferminz und Baldrian &#8211; f\u00fcr Kr\u00e4utersammler!"},"content":{"rendered":"<ul>\n<li>Art des Spiels: Brettspiel, Familienspiel, Gesellschaftsspiel<\/li>\n<li>Ausf\u00fchrung: Spielplan auf LKW-Plane \u2013 rollbar und robust, verpackt in eine Papprolle<\/li>\n<li>Zubeh\u00f6r: Spielfiguren und W\u00fcrfel aus bunt lackiertem Holz, Rezeptkarten<\/li>\n<li>Spielthemen:\u00a0Pflanzen, Natur, Kr\u00e4uter, Heilkr\u00e4uter, Medizin<\/li>\n<li>Anzahl Spieler: 3\u00a0\u2013 6 Spieler<\/li>\n<li>Empfohlenes Spielalter: ab 8 Jahren<\/li>\n<li>Spieldauer: 30 \u2013 45 Minuten<\/li>\n<li>Werbeaufdruck: auf Spielplan und Verpackung<\/li>\n<li>Als Kundengeschenk \/ Mitarbeiter-Geschenk besonders geeignet z.B. f\u00fcr folgende Branchen: \u00c4rzte, Apotheker, Heilpraktiker<\/li>\n<\/ul>\n<h3>Das Spiel<\/h3>\n<p>Heute ist der gro\u00dfe Tag: Die Kr\u00e4uter-Sammler treffen sich zum allj\u00e4hrlichen Kr\u00e4utersammel-Wettbewerb auf der Waldlichtung. Nur heute stehen die Heilpflanzen in Saft und Kraft und nur heute k\u00f6nnen aus ihnen die wirksamsten Heiltr\u00e4nke zubereitet werden. Jetzt hei\u00dft es, keine Zeit zu verlieren! Jeder Sammler hat dazu eine Rezeptkarte bekommen, die ihm die Art der Heilpflanzen und den Ort der Zubereitung verraten. Doch aufgepasst! Auch die anderen Sammler wollen gewinnen. Wer es schafft, als Erster mit den Heilpflanzen seiner Rezeptkarte an dem geheimen Ort anzukommen, hat gewonnen und darf sich \u201eKr\u00e4utersammler des Jahres\u201c nennen.<\/p>\n<p>Autorin: Karin Janner<br \/>\nDesign:\u00a0Kirstin Eggers<\/p>\n<h3>Spielmaterial<\/h3>\n<ul>\n<li>1 Spielplan aus LKW-Plane, rollbar, robust und abwaschbar<\/li>\n<li>6 Spielfiguren + 1 W\u00fcrfel aus bunt lackiertem Holz<\/li>\n<li>30 Spielsteine \u201eHeilpflanzen\u201c aus bunt lackiertem Holz mit Aufkleber<\/li>\n<li>12 Rezeptkarten<\/li>\n<li>Anleitung auf Deutsch (gegen Aufpreis auch \u00dcbersetzung in andere Sprachen m\u00f6glich)<\/li>\n<li>Verpackung: Papprolle, wei\u00df gl\u00e4nzend, mit Aufkleber. (Auf Wunsch auch andere Verpackungsarten, z.B. Schraubrolle aus durchsichtigem PVC.)<\/li>\n<\/ul>\n<p>[table id=4 \/]<\/p>\n","protected":false},"excerpt":{"rendered":"<p>Art des Spiels: Brettspiel, Familienspiel, Gesellschaftsspiel Ausf\u00fchrung: Spielplan auf LKW-Plane \u2013 rollbar und robust, verpackt in eine Papprolle Zubeh\u00f6r: Spielfiguren und W\u00fcrfel aus bunt lackiertem Holz, Rezeptkarten Spielthemen:\u00a0Pflanzen, Natur, Kr\u00e4uter, Heilkr\u00e4uter, Medizin Anzahl Spieler: 3\u00a0\u2013 6 Spieler Empfohlenes Spielalter: ab 8 Jahren Spieldauer: 30 \u2013 45 Minuten Werbeaufdruck: auf Spielplan und Verpackung Als Kundengeschenk \/ [&hellip;]<\/p>\n","protected":false},"featured_media":599,"comment_status":"open","ping_status":"closed","template":"","meta":{"_themeisle_gutenberg_block_has_review":false},"product_cat":[123,110,92,129,128,124,117,40],"product_tag":[70,203,62,75,73,74,56],"_links":{"self":[{"href":"https:\/\/spieltz.de\/werbespiele\/wp-json\/wp\/v2\/product\/105"}],"collection":[{"href":"https:\/\/spieltz.de\/werbespiele\/wp-json\/wp\/v2\/product"}],"about":[{"href":"https:\/\/spieltz.de\/werbespiele\/wp-json\/wp\/v2\/types\/product"}],"replies":[{"embeddable":true,"href":"https:\/\/spieltz.de\/werbespiele\/wp-json\/wp\/v2\/comments?post=105"}],"wp:featuredmedia":[{"embeddable":true,"href":"https:\/\/spieltz.de\/werbespiele\/wp-json\/wp\/v2\/media\/599"}],"wp:attachment":[{"href":"https:\/\/spieltz.de\/werbespiele\/wp-json\/wp\/v2\/media?parent=105"}],"wp:term":[{"taxonomy":"product_cat","embeddable":true,"href":"https:\/\/spieltz.de\/werbespiele\/wp-json\/wp\/v2\/product_cat?post=105"},{"taxonomy":"product_tag","embeddable":true,"href":"https:\/\/spieltz.de\/werbespiele\/wp-json\/wp\/v2\/product_tag?post=105"}],"curies":[{"name":"wp","href":"https:\/\/api.w.org\/{rel}","templated":true}]}}