{"id":951,"date":"2015-12-09T00:09:09","date_gmt":"2015-12-08T23:09:09","guid":{"rendered":"http:\/\/spieltz.de\/verlag\/shop\/ausfuehrung\/preiskategorie-b\/foehliche-schlittenfahrt-werbespiel\/"},"modified":"2018-03-16T00:31:54","modified_gmt":"2018-03-15T23:31:54","slug":"froehliche-schlittenfahrt-leiterspiel","status":"publish","type":"product","link":"https:\/\/spieltz.de\/verlag\/shop\/spiele-kategorie\/traditionelle-brettspiele\/froehliche-schlittenfahrt-leiterspiel\/","title":{"rendered":"Fr\u00f6hliche Schlittenfahrt, das winterliche Leiterspiel"},"content":{"rendered":"<ul>\n<li>Art des Spiels: Brettspiel, Familienspiel, Gesellschaftsspiel,\u00a0Leiterspiel<\/li>\n<li>Ausf\u00fchrung: Spielplan auf LKW-Plane \u2013 rollbar und robust, verpackt in eine\u00a0Rolle<\/li>\n<li>Zubeh\u00f6r: Spielfiguren + W\u00fcrfel aus bunt lackiertem Holz<\/li>\n<li>Anzahl Spieler: 2 \u2013 6\u00a0Spieler<\/li>\n<li>Empfohlenes Spielalter: ab 6\u00a0Jahren<\/li>\n<li>Spieldauer: 20 &#8211; 30\u00a0Minuten<\/li>\n<\/ul>\n<h3>Das Spiel &#8211; angelehnt an das klassische Leiterspiel<\/h3>\n<p>&#8222;Fr\u00f6hliche Schlittenfahrt&#8220; ist ein lustiges Familienspiel f\u00fcr 2 &#8211; 6 Spieler ab 6\u00a0Jahren, basierend auf dem klassischen Leiterspiel. Statt Schlangen und Leitern gibt es in unserer winterlichen Variante einen verschneiten\u00a0Berghang mit fr\u00f6hlichen Schi- und Schlittenfahrern. Wer schafft es als Erster, mit seiner Spielfigur die 63 zu erreichen? Wer auf ein Schlittenfeld kommt, hat Gl\u00fcck oder Pech: Wird der Schlitten nach oben gezogen, darf die Spielfigur entlang der Spur vorr\u00fccken. F\u00e4hrt der Schlitten nach unten, so geht es wieder zur\u00fcck in Richtung Startfeld.<\/p>\n<p>F\u00fcr Spieler, denen die klassische Leiterspiel-Anleitung zu einfach ist,\u00a0haben wir eine Variante mit zwei Figuren pro Spieler entwickelt, die beide ins Ziel gebracht werden m\u00fcssen. So erh\u00e4lt der Spieler bei jedem Zug die M\u00f6glichkeit zu entscheiden mit welcher Figur er ziehen m\u00f6chte. Au\u00dferdem kann er mit etwas Gl\u00fcck seine Figuren zum P\u00e4rchen verbinden, das gemeinsam weiterzieht und damit\u00a0schneller zum Ziel kommt.<\/p>\n<p>Autor: unbekannt \/ traditionelles Spiel; angepasst von Karin Janner<br \/>\nDesign:\u00a0<a href=\"http:\/\/spieltz.de\/verlag\/produkt-kategorie\/design-dorina-tessmann\/\">Dorina Tessmann<\/a><\/p>\n<h3>Variante 1: Rollbares Spiel auf Plane<\/h3>\n<p><strong>Spielmaterial<\/strong><\/p>\n<ul>\n<li>1 Spielplan aus LKW-Plane, rollbar, robust und abwaschbar.<\/li>\n<li>12\u00a0Spielfiguren + 1 W\u00fcrfel aus bunt lackiertem Holz<\/li>\n<li>Anleitung auf Deutsch<\/li>\n<li>Verpackung: Rolle<\/li>\n<\/ul>\n<p><strong>Gr\u00f6\u00dfen<\/strong><\/p>\n<ul>\n<li>Reisespiel: Spielplan Gr\u00f6\u00dfe DIN A4,\u00a0Verpackung: Rolle L\u00e4nge 24\u00a0cm, Durchmesser 6 cm<\/li>\n<li>Standardspiel: Spielplan Gr\u00f6\u00dfe DIN A3\u00a0cm,\u00a0Verpackung: Rolle L\u00e4nge 34\u00a0cm, Durchmesser 6 cm<\/li>\n<li>Maxispiel: Spielplan Gr\u00f6\u00dfe DIN A2\u00a0cm, Verpackung: Rolle L\u00e4nge 44\u00a0cm, Durchmesser 6 cm<\/li>\n<li>Gr\u00f6\u00dfe XL: Spielplan Gr\u00f6\u00dfe DIN A1\u00a0cm, Verpackung: Rolle L\u00e4nge 54\u00a0cm, Durchmesser 8\u00a0cm<\/li>\n<\/ul>\n<p>Die Gr\u00f6\u00dfen der Spielsteine sind auf die Gr\u00f6\u00dfen der Spielpl\u00e4ne abgestimmt. Gr\u00f6\u00dfe XL\u00a0wird mit extra-gro\u00dfen Spielfiguren ausgeliefert und ist gut geeignet f\u00fcr Menschen mit motorischen Einschr\u00e4nkungen sowie f\u00fcr das Spielen auf Veranstaltungen.<\/p>\n<h3>Variante 2: Spielbare Weihnachtskarte<\/h3>\n<p>Klappkarte im Format DIN A4 (aufgeklappt: DIN A3,) enth\u00e4lt auf der Vorderseite den Spielplan. In der Mitte ist Platz f\u00fcr Ihre pers\u00f6nlichen Gr\u00fc\u00dfe und auf der Kartenr\u00fcckseite ist die Anleitung zu finden.<\/p>\n<p>Spielfiguren k\u00f6nnen mitbestellt werden, m\u00fcssen aber nicht. Die Karte kommt mit klassischen Holzfiguren aus, die der Empf\u00e4nger auch einem anderen Spiel entlehnen kann.<\/p>\n<h3>Leiterspiel &#8222;Fr\u00f6hliche Schlittenfahrt&#8220;\u00a0kaufen<\/h3>\n<h4>Kunden<\/h4>\n<p>Fr\u00f6hliche Schlittenfahrt\u00a0ist im Internet erh\u00e4ltlich <a href=\"https:\/\/www.amazon.de\/Fr%C3%B6hliche-Schlittenfahrt-Winter-Weihnachts-Spiel-Familie\/dp\/B018X06IV8\/\">bei Amazon als rollbares Spiel <\/a>oder als <a href=\"https:\/\/www.amazon.de\/gp\/product\/B018WYT498\/ref=s9_dcacsd_dcoop_bw_c_x_6_w\">spielbare Karte<\/a>, in unseren Shops bei <a href=\"http:\/\/spieltz.rakuten-shop.de\/\">Rakuten.de<\/a>, und\u00a0<a href=\"https:\/\/www.hitmeister.de\/shops\/spieltz\/\">Hitmeister,<\/a>\u00a0sowie in ausgew\u00e4hlten L\u00e4den.<\/p>\n<h4>H\u00e4ndler<\/h4>\n<p>Bitte kontaktieren Sie uns f\u00fcr eine <a href=\"mailto:info@spieltz.de\">H\u00e4ndlerpreisliste.<\/a><\/p>\n<h4>Firmenkunden<\/h4>\n<p>Firmenkunden k\u00f6nnen &#8222;Fr\u00f6hliche Schlittenfahrt&#8220; mit eigenem Branding erhalten. Bitte besuchen Sie unseren <a href=\"http:\/\/spieltz.de\/werbespiele\/\">Werbespiele Shop<\/a>.<\/p>\n<ul>\n<li><a href=\"http:\/\/spieltz.de\/werbespiele\/shop\/ausfuehrung\/preiskategorie-b\/foehliche-schlittenfahrt-werbespiel\/\">&#8222;Fr\u00f6hliche Schlittenfahrt&#8220; mit Branding, rollbar auf LKW-Plane\u00a0<\/a><\/li>\n<li>&#8222;Fr\u00f6hliche Schlittenfahrt&#8220;\u00a0mit Branding, klassisch produziert als Brettspiel mit Spielbrett \/ St\u00fclpdeckelschachtel\u00a0auf Anfrage, bitte kontaktieren Sie uns daf\u00fcr <a href=\"mailto:info@spieltz.de\">per Mail.<\/a><\/li>\n<li><a href=\"http:\/\/spieltz.de\/werbespiele\/shop\/ausfuehrung\/preiskategorie-h\/spielbare-karte-schlittenfahrt\/\">Spielbare Karte &#8222;Fr\u00f6hliche Schlittenfahrt&#8220;, DIN A4 Klappkarte mit Branding<\/a><\/li>\n<\/ul>\n","protected":false},"excerpt":{"rendered":"<p>&#8222;Fr\u00f6hliche Schlittenfahrt&#8220; ist ein lustiges Familienspiel, basierend auf dem klassischen Leiterspiel. Wer schafft es als Erster, mit seiner Spielfigur die 63 zu erreichen?<\/p>\n<p>Das Laufspiel ist f\u00fcr 2 &#8211; 6 Spieler ab 6\u00a0Jahren geeignet, Spieldauer etwa 20-30 Minuten.<\/p>\n<p>Der Spielplan ist auf rollbare LKW-Plane gedruckt und zusammen mit dem Zubeh\u00f6r in eine Rolle verpackt.<\/p>\n<p>Ma\u00dfe:<\/p>\n<ul>\n<li>Standardspiel: Spielplan DIN A3, Verpackung Papprolle wei\u00df mit Klebelabel, Durchmesser 6 cm, L\u00e4nge 34 cm<\/li>\n<li>Reisespiel: Spielplan DIN A4, Verpackung Schraubrolle durchsichtig, Durchmesser 6,5 cm, L\u00e4nge 24 cm<\/li>\n<\/ul>\n","protected":false},"featured_media":1085,"comment_status":"open","ping_status":"closed","template":"","meta":{"_monsterinsights_skip_tracking":false,"_monsterinsights_sitenote_active":false,"_monsterinsights_sitenote_note":"","_monsterinsights_sitenote_category":0,"_themeisle_gutenberg_block_has_review":false},"product_cat":[109,141,81,251,129,117,100,80],"product_tag":[230,68,62,67],"yoast_head":"<!-- This site is optimized with the Yoast SEO plugin v22.5 - https:\/\/yoast.com\/wordpress\/plugins\/seo\/ -->\n<title>Fr\u00f6hliche Schlittenfahrt, das winterliche Leiterspiel - Spieltz Verlag<\/title>\n<meta name=\"description\" content=\"&quot;Fr\u00f6hliche Schlittenfahrt&quot; ist ein lustiges Familienspiel f\u00fcr 2 - 6 Spieler ab 6 Jahren, basierend auf dem klassischen Leiterspiel.\" \/>\n<meta name=\"robots\" content=\"index, follow, max-snippet:-1, max-image-preview:large, max-video-preview:-1\" \/>\n<link rel=\"canonical\" href=\"https:\/\/spieltz.de\/verlag\/shop\/spiele-kategorie\/traditionelle-brettspiele\/froehliche-schlittenfahrt-leiterspiel\/\" \/>\n<meta property=\"og:locale\" content=\"de_DE\" \/>\n<meta property=\"og:type\" content=\"article\" \/>\n<meta property=\"og:title\" content=\"Fr\u00f6hliche Schlittenfahrt, das winterliche Leiterspiel - Spieltz Verlag\" \/>\n<meta property=\"og:description\" content=\"&quot;Fr\u00f6hliche Schlittenfahrt&quot; ist ein lustiges Familienspiel f\u00fcr 2 - 6 Spieler ab 6 Jahren, basierend auf dem klassischen Leiterspiel.\" \/>\n<meta property=\"og:url\" content=\"https:\/\/spieltz.de\/verlag\/shop\/spiele-kategorie\/traditionelle-brettspiele\/froehliche-schlittenfahrt-leiterspiel\/\" \/>\n<meta property=\"og:site_name\" content=\"Spieltz Verlag\" \/>\n<meta property=\"article:modified_time\" content=\"2018-03-15T23:31:54+00:00\" \/>\n<meta property=\"og:image\" content=\"https:\/\/spieltz.de\/verlag\/wp-content\/uploads\/2015\/12\/Schlittenfahrt_Spielplan27_11-RGB-scaled.jpg\" \/>\n\t<meta property=\"og:image:width\" content=\"5008\" \/>\n\t<meta property=\"og:image:height\" content=\"3555\" \/>\n\t<meta property=\"og:image:type\" content=\"image\/jpeg\" \/>\n<meta name=\"twitter:card\" content=\"summary_large_image\" \/>\n<meta name=\"twitter:label1\" content=\"Gesch\u00e4tzte Lesezeit\" \/>\n\t<meta name=\"twitter:data1\" content=\"3\u00a0Minuten\" \/>\n<script type=\"application\/ld+json\" class=\"yoast-schema-graph\">{\"@context\":\"https:\/\/schema.org\",\"@graph\":[{\"@type\":\"WebPage\",\"@id\":\"https:\/\/spieltz.de\/verlag\/shop\/spiele-kategorie\/traditionelle-brettspiele\/froehliche-schlittenfahrt-leiterspiel\/\",\"url\":\"https:\/\/spieltz.de\/verlag\/shop\/spiele-kategorie\/traditionelle-brettspiele\/froehliche-schlittenfahrt-leiterspiel\/\",\"name\":\"Fr\u00f6hliche Schlittenfahrt, das winterliche Leiterspiel - Spieltz Verlag\",\"isPartOf\":{\"@id\":\"https:\/\/spieltz.de\/verlag\/#website\"},\"primaryImageOfPage\":{\"@id\":\"https:\/\/spieltz.de\/verlag\/shop\/spiele-kategorie\/traditionelle-brettspiele\/froehliche-schlittenfahrt-leiterspiel\/#primaryimage\"},\"image\":{\"@id\":\"https:\/\/spieltz.de\/verlag\/shop\/spiele-kategorie\/traditionelle-brettspiele\/froehliche-schlittenfahrt-leiterspiel\/#primaryimage\"},\"thumbnailUrl\":\"https:\/\/spieltz.de\/verlag\/wp-content\/uploads\/2015\/12\/Schlittenfahrt_Spielplan27_11-RGB-scaled.jpg\",\"datePublished\":\"2015-12-08T23:09:09+00:00\",\"dateModified\":\"2018-03-15T23:31:54+00:00\",\"description\":\"\\\"Fr\u00f6hliche Schlittenfahrt\\\" ist ein lustiges Familienspiel f\u00fcr 2 - 6 Spieler ab 6 Jahren, basierend auf dem klassischen Leiterspiel.\",\"breadcrumb\":{\"@id\":\"https:\/\/spieltz.de\/verlag\/shop\/spiele-kategorie\/traditionelle-brettspiele\/froehliche-schlittenfahrt-leiterspiel\/#breadcrumb\"},\"inLanguage\":\"de\",\"potentialAction\":[{\"@type\":\"ReadAction\",\"target\":[\"https:\/\/spieltz.de\/verlag\/shop\/spiele-kategorie\/traditionelle-brettspiele\/froehliche-schlittenfahrt-leiterspiel\/\"]}]},{\"@type\":\"ImageObject\",\"inLanguage\":\"de\",\"@id\":\"https:\/\/spieltz.de\/verlag\/shop\/spiele-kategorie\/traditionelle-brettspiele\/froehliche-schlittenfahrt-leiterspiel\/#primaryimage\",\"url\":\"https:\/\/spieltz.de\/verlag\/wp-content\/uploads\/2015\/12\/Schlittenfahrt_Spielplan27_11-RGB-scaled.jpg\",\"contentUrl\":\"https:\/\/spieltz.de\/verlag\/wp-content\/uploads\/2015\/12\/Schlittenfahrt_Spielplan27_11-RGB-scaled.jpg\",\"width\":2560,\"height\":1817,\"caption\":\"Leiterspiel-Schlittenfahrt-Spieltz\"},{\"@type\":\"BreadcrumbList\",\"@id\":\"https:\/\/spieltz.de\/verlag\/shop\/spiele-kategorie\/traditionelle-brettspiele\/froehliche-schlittenfahrt-leiterspiel\/#breadcrumb\",\"itemListElement\":[{\"@type\":\"ListItem\",\"position\":1,\"name\":\"Home\",\"item\":\"https:\/\/spieltz.de\/verlag\/\"},{\"@type\":\"ListItem\",\"position\":2,\"name\":\"Spieltz Verlag\",\"item\":\"https:\/\/spieltz.de\/verlag\/\"},{\"@type\":\"ListItem\",\"position\":3,\"name\":\"Fr\u00f6hliche Schlittenfahrt, das winterliche Leiterspiel\"}]},{\"@type\":\"WebSite\",\"@id\":\"https:\/\/spieltz.de\/verlag\/#website\",\"url\":\"https:\/\/spieltz.de\/verlag\/\",\"name\":\"Spieltz Verlag\",\"description\":\"Die Spielemacher. Verlagsprogramm.\",\"potentialAction\":[{\"@type\":\"SearchAction\",\"target\":{\"@type\":\"EntryPoint\",\"urlTemplate\":\"https:\/\/spieltz.de\/verlag\/?s={search_term_string}\"},\"query-input\":\"required name=search_term_string\"}],\"inLanguage\":\"de\"}]}<\/script>\n<!-- \/ Yoast SEO plugin. -->","yoast_head_json":{"title":"Fr\u00f6hliche Schlittenfahrt, das winterliche Leiterspiel - Spieltz Verlag","description":"\"Fr\u00f6hliche Schlittenfahrt\" ist ein lustiges Familienspiel f\u00fcr 2 - 6 Spieler ab 6 Jahren, basierend auf dem klassischen Leiterspiel.","robots":{"index":"index","follow":"follow","max-snippet":"max-snippet:-1","max-image-preview":"max-image-preview:large","max-video-preview":"max-video-preview:-1"},"canonical":"https:\/\/spieltz.de\/verlag\/shop\/spiele-kategorie\/traditionelle-brettspiele\/froehliche-schlittenfahrt-leiterspiel\/","og_locale":"de_DE","og_type":"article","og_title":"Fr\u00f6hliche Schlittenfahrt, das winterliche Leiterspiel - Spieltz Verlag","og_description":"\"Fr\u00f6hliche Schlittenfahrt\" ist ein lustiges Familienspiel f\u00fcr 2 - 6 Spieler ab 6 Jahren, basierend auf dem klassischen Leiterspiel.","og_url":"https:\/\/spieltz.de\/verlag\/shop\/spiele-kategorie\/traditionelle-brettspiele\/froehliche-schlittenfahrt-leiterspiel\/","og_site_name":"Spieltz Verlag","article_modified_time":"2018-03-15T23:31:54+00:00","og_image":[{"width":5008,"height":3555,"url":"https:\/\/spieltz.de\/verlag\/wp-content\/uploads\/2015\/12\/Schlittenfahrt_Spielplan27_11-RGB-scaled.jpg","type":"image\/jpeg"}],"twitter_card":"summary_large_image","twitter_misc":{"Gesch\u00e4tzte Lesezeit":"3\u00a0Minuten"},"schema":{"@context":"https:\/\/schema.org","@graph":[{"@type":"WebPage","@id":"https:\/\/spieltz.de\/verlag\/shop\/spiele-kategorie\/traditionelle-brettspiele\/froehliche-schlittenfahrt-leiterspiel\/","url":"https:\/\/spieltz.de\/verlag\/shop\/spiele-kategorie\/traditionelle-brettspiele\/froehliche-schlittenfahrt-leiterspiel\/","name":"Fr\u00f6hliche Schlittenfahrt, das winterliche Leiterspiel - Spieltz Verlag","isPartOf":{"@id":"https:\/\/spieltz.de\/verlag\/#website"},"primaryImageOfPage":{"@id":"https:\/\/spieltz.de\/verlag\/shop\/spiele-kategorie\/traditionelle-brettspiele\/froehliche-schlittenfahrt-leiterspiel\/#primaryimage"},"image":{"@id":"https:\/\/spieltz.de\/verlag\/shop\/spiele-kategorie\/traditionelle-brettspiele\/froehliche-schlittenfahrt-leiterspiel\/#primaryimage"},"thumbnailUrl":"https:\/\/spieltz.de\/verlag\/wp-content\/uploads\/2015\/12\/Schlittenfahrt_Spielplan27_11-RGB-scaled.jpg","datePublished":"2015-12-08T23:09:09+00:00","dateModified":"2018-03-15T23:31:54+00:00","description":"\"Fr\u00f6hliche Schlittenfahrt\" ist ein lustiges Familienspiel f\u00fcr 2 - 6 Spieler ab 6 Jahren, basierend auf dem klassischen Leiterspiel.","breadcrumb":{"@id":"https:\/\/spieltz.de\/verlag\/shop\/spiele-kategorie\/traditionelle-brettspiele\/froehliche-schlittenfahrt-leiterspiel\/#breadcrumb"},"inLanguage":"de","potentialAction":[{"@type":"ReadAction","target":["https:\/\/spieltz.de\/verlag\/shop\/spiele-kategorie\/traditionelle-brettspiele\/froehliche-schlittenfahrt-leiterspiel\/"]}]},{"@type":"ImageObject","inLanguage":"de","@id":"https:\/\/spieltz.de\/verlag\/shop\/spiele-kategorie\/traditionelle-brettspiele\/froehliche-schlittenfahrt-leiterspiel\/#primaryimage","url":"https:\/\/spieltz.de\/verlag\/wp-content\/uploads\/2015\/12\/Schlittenfahrt_Spielplan27_11-RGB-scaled.jpg","contentUrl":"https:\/\/spieltz.de\/verlag\/wp-content\/uploads\/2015\/12\/Schlittenfahrt_Spielplan27_11-RGB-scaled.jpg","width":2560,"height":1817,"caption":"Leiterspiel-Schlittenfahrt-Spieltz"},{"@type":"BreadcrumbList","@id":"https:\/\/spieltz.de\/verlag\/shop\/spiele-kategorie\/traditionelle-brettspiele\/froehliche-schlittenfahrt-leiterspiel\/#breadcrumb","itemListElement":[{"@type":"ListItem","position":1,"name":"Home","item":"https:\/\/spieltz.de\/verlag\/"},{"@type":"ListItem","position":2,"name":"Spieltz Verlag","item":"https:\/\/spieltz.de\/verlag\/"},{"@type":"ListItem","position":3,"name":"Fr\u00f6hliche Schlittenfahrt, das winterliche Leiterspiel"}]},{"@type":"WebSite","@id":"https:\/\/spieltz.de\/verlag\/#website","url":"https:\/\/spieltz.de\/verlag\/","name":"Spieltz Verlag","description":"Die Spielemacher. Verlagsprogramm.","potentialAction":[{"@type":"SearchAction","target":{"@type":"EntryPoint","urlTemplate":"https:\/\/spieltz.de\/verlag\/?s={search_term_string}"},"query-input":"required name=search_term_string"}],"inLanguage":"de"}]}},"_links":{"self":[{"href":"https:\/\/spieltz.de\/verlag\/wp-json\/wp\/v2\/product\/951"}],"collection":[{"href":"https:\/\/spieltz.de\/verlag\/wp-json\/wp\/v2\/product"}],"about":[{"href":"https:\/\/spieltz.de\/verlag\/wp-json\/wp\/v2\/types\/product"}],"replies":[{"embeddable":true,"href":"https:\/\/spieltz.de\/verlag\/wp-json\/wp\/v2\/comments?post=951"}],"wp:featuredmedia":[{"embeddable":true,"href":"https:\/\/spieltz.de\/verlag\/wp-json\/wp\/v2\/media\/1085"}],"wp:attachment":[{"href":"https:\/\/spieltz.de\/verlag\/wp-json\/wp\/v2\/media?parent=951"}],"wp:term":[{"taxonomy":"product_cat","embeddable":true,"href":"https:\/\/spieltz.de\/verlag\/wp-json\/wp\/v2\/product_cat?post=951"},{"taxonomy":"product_tag","embeddable":true,"href":"https:\/\/spieltz.de\/verlag\/wp-json\/wp\/v2\/product_tag?post=951"}],"curies":[{"name":"wp","href":"https:\/\/api.w.org\/{rel}","templated":true}]}}