{"id":498,"date":"2015-10-11T00:28:09","date_gmt":"2015-10-10T22:28:09","guid":{"rendered":"http:\/\/spieltz.de\/verlag\/shop\/2-6-spieler\/sternhalma-werbespiel-lkw-plane\/"},"modified":"2024-07-09T02:02:46","modified_gmt":"2024-07-09T00:02:46","slug":"sternhalma","status":"publish","type":"product","link":"https:\/\/spieltz.de\/verlag\/shop\/spiele-kategorie\/familienspiele\/sternhalma\/","title":{"rendered":"Sternhalma \/ Chinese Checkers &#8211; der Brettspiel-Klassiker"},"content":{"rendered":"<ul>\n<li>Art des Spiels: Brettspiel-Klassiker, Familienspiel<\/li>\n<li>Ausf\u00fchrung: Spielplan auf LKW-Plane \u2013 rollbar und robust, verpackt in eine\u00a0Rolle<\/li>\n<li>Zubeh\u00f6r: Spielfiguren aus bunt lackiertem Holz, in sch\u00f6nen Pastellfarben<\/li>\n<li>Anzahl Spieler: 2 \u2013 6\u00a0Spieler<\/li>\n<li>Empfohlenes Spielalter: ab 6\u00a0Jahren<\/li>\n<li>Spieldauer: 30 \u2013 45 Minuten<\/li>\n<\/ul>\n<h3>Sternhalma &#8211; das Spiel<\/h3>\n<p>Sternhalma ist die beliebte Weiterentwicklung des Klassikers Halma (erfunden um 1880 vom amerikanischen Arzt George Howard Monks). Der Name Halma stammt aus dem Altgriechischen und bedeutet \u201eSprung\u201c.<\/p>\n<p>Jeder Spieler erh\u00e4lt 15 Spielsteine einer Farbe, die er in einer der Zacken des Sterns aufstellt. Ziel des Spiels ist es, alle Steine in das gegen\u00fcberliegende Dreieck (Zacke) zu bringen. Wer das als Erster schafft, ist Sieger. Die Fortbewegung erfolgt mit Hilfe einfacher Z\u00fcge oder dem \u00dcberspringen anderer Steine. Es sind auch \u201eKettenspr\u00fcnge\u201c erlaubt.<\/p>\n<p>Autor: traditionelles Spiel<br \/>\nDesign:\u00a0Amy van Luijk<\/p>\n<h3>Spielmaterial<\/h3>\n<ul>\n<li>1 Spielplan aus LKW-Plane, rollbar, robust und abwaschbar<\/li>\n<li>3\u00a0x 15 + 3\u00a0x 10 Halmakegel\u00a0aus bunt lackiertem Holz, in sch\u00f6nen Pastellfarben<\/li>\n<li>Anleitung auf Deutsch<\/li>\n<li>Verpackung:\u00a0Rolle<\/li>\n<\/ul>\n<h3>Gr\u00f6\u00dfen<\/h3>\n<ul>\n<li>Standardspiel: Spielplan Gr\u00f6\u00dfe 30\u00d730 cm,\u00a0Verpackung: Rolle L\u00e4nge 34\u00a0cm, Durchmesser 6 cm<\/li>\n<li>Maxispiel: Spielplan Gr\u00f6\u00dfe 40\u00d740 cm, Verpackung: Rolle L\u00e4nge 44\u00a0cm, Durchmesser 6 cm<\/li>\n<li>Gr\u00f6\u00dfe XL: Spielplan Gr\u00f6\u00dfe 50\u00d750 cm, Verpackung: Rolle L\u00e4nge 54\u00a0cm, Durchmesser 8\u00a0cm<\/li>\n<li>Gr\u00f6\u00dfe XXL: Spielplan Gr\u00f6\u00dfe 60\u00d760 cm, Verpackung: Rolle L\u00e4nge 64\u00a0cm, Durchmesser 8\u00a0cm<\/li>\n<\/ul>\n<p>Die Gr\u00f6\u00dfen der Spielkegel sind auf die Gr\u00f6\u00dfen der Spielpl\u00e4ne abgestimmt. Gr\u00f6\u00dfe 50&#215;50 und 60&#215;60 wird mit extra-gro\u00dfen Spielfiguren ausgeliefert und ist gut geeignet f\u00fcr Menschen mit motorischen Einschr\u00e4nkungen sowie f\u00fcr das Spielen auf Veranstaltungen.<\/p>\n<h3>Sternhalma\u00a0kaufen<\/h3>\n<h4>Kunden<\/h4>\n<p>Sternhalma\u00a0ist in verschiedenen Gr\u00f6\u00dfen im Internet erh\u00e4ltlich <a href=\"https:\/\/www.amazon.de\/Sternhalma-der-Spiele-Klassiker-Auf-LKW-Plane\/dp\/B00FGF7KZ2\/ref=sr_1_11?s=toys&amp;ie=UTF8&amp;qid=1491091232&amp;sr=1-11&amp;keywords=sternhalma\">bei Amazon<\/a>, sowie und in unseren Shops bei <a href=\"http:\/\/spieltz.rakuten-shop.de\/\">Rakuten.de<\/a>, und\u00a0<a href=\"https:\/\/www.hitmeister.de\/shops\/spieltz\/\">Hitmeister,<\/a>\u00a0sowie in ausgew\u00e4hlten L\u00e4den.<\/p>\n<h4>H\u00e4ndler<\/h4>\n<p>Bitte kontaktieren Sie uns f\u00fcr eine <a href=\"mailto:info@spieltz.de\">H\u00e4ndlerpreisliste.<\/a><\/p>\n<h4>Firmenkunden<\/h4>\n<p>Wie alle Spieltz-Spiele ist <em>Sternhalma\u00a0<\/em>auch als Werbespiel mit Ihrem eigenen Branding \/ in Ihren Unternehmensfarben erh\u00e4ltlich. Bitte besuchen Sie unseren <a href=\"http:\/\/spieltz.de\/werbespiele\/\">Werbespiele Shop<\/a>.<\/p>\n<ul>\n<li><a href=\"http:\/\/spieltz.de\/werbespiele\/shop\/ausfuehrung\/preiskategorie-b\/sternhalma-werbespiel-lkw-plane\/\">Sternhalma\u00a0mit Branding, rollbar auf LKW-Plane\u00a0<\/a><\/li>\n<li><a href=\"http:\/\/spieltz.de\/werbespiele\/shop\/ausfuehrung\/preiskategorie-e\/sternhalma-werbespiel-brettspiel\/\">Sternhalma\u00a0mit Branding, klassisch produziert als Brettspiel mit Spielbrett \/ St\u00fclpdeckelschachtel<\/a>.<\/li>\n<\/ul>\n","protected":false},"excerpt":{"rendered":"<p>Sternhalma ist die beliebte Weiterentwicklung des Brettspiel-Klassikers Halma. Der Name Halma stammt aus dem Altgriechischen und bedeutet \u201eSprung\u201c.<\/p>\n<p>F\u00fcr 2 \u2013 6\u00a0Spieler ab 6 Jahren, Spieldauer 30-45 Minuten.<\/p>\n<p>Der Spielplan ist auf rollbare LKW-Plane gedruckt und zusammen mit dem Zubeh\u00f6r in eine Rolle verpackt.<\/p>\n<p>Ma\u00dfe:<br \/>\nStandardspiel: Spielplan Gr\u00f6\u00dfe 30\u00d730 cm<br \/>\nMaxispiel: Spielplan Gr\u00f6\u00dfe 40\u00d740 cm<br \/>\nGr\u00f6\u00dfe XL: Spielplan Gr\u00f6\u00dfe 50\u00d750 cm<br \/>\nGr\u00f6\u00dfe XXL: Spielplan Gr\u00f6\u00dfe 60\u00d760 cm<\/p>\n","protected":false},"featured_media":1138,"comment_status":"open","ping_status":"closed","template":"","meta":{"_monsterinsights_skip_tracking":false,"_monsterinsights_sitenote_active":false,"_monsterinsights_sitenote_note":"","_monsterinsights_sitenote_category":0,"_themeisle_gutenberg_block_has_review":false},"product_cat":[109,110,81,129],"product_tag":[68,227,62,238],"yoast_head":"<!-- This site is optimized with the Yoast SEO plugin v22.5 - https:\/\/yoast.com\/wordpress\/plugins\/seo\/ -->\n<title>Sternhalma \/ Chinese Checkers - der Brettspiel-Klassiker - Spieltz Verlag<\/title>\n<meta name=\"description\" content=\"Sternhalma ist die beliebte Weiterentwicklung des Brettspiel-Klassikers Halma. Das Familienspiel ist f\u00fcr 2-6 Spieler ab 6 Jahren geeignet.\" \/>\n<meta name=\"robots\" content=\"index, follow, max-snippet:-1, max-image-preview:large, max-video-preview:-1\" \/>\n<link rel=\"canonical\" href=\"https:\/\/spieltz.de\/verlag\/shop\/spiele-kategorie\/familienspiele\/sternhalma\/\" \/>\n<meta property=\"og:locale\" content=\"de_DE\" \/>\n<meta property=\"og:type\" content=\"article\" \/>\n<meta property=\"og:title\" content=\"Sternhalma \/ Chinese Checkers - der Brettspiel-Klassiker - Spieltz Verlag\" \/>\n<meta property=\"og:description\" content=\"Sternhalma ist die beliebte Weiterentwicklung des Brettspiel-Klassikers Halma. Das Familienspiel ist f\u00fcr 2-6 Spieler ab 6 Jahren geeignet.\" \/>\n<meta property=\"og:url\" content=\"https:\/\/spieltz.de\/verlag\/shop\/spiele-kategorie\/familienspiele\/sternhalma\/\" \/>\n<meta property=\"og:site_name\" content=\"Spieltz Verlag\" \/>\n<meta property=\"article:modified_time\" content=\"2024-07-09T00:02:46+00:00\" \/>\n<meta property=\"og:image\" content=\"https:\/\/spieltz.de\/verlag\/wp-content\/uploads\/2015\/10\/sternhalma-1-1024x1024.jpg\" \/>\n\t<meta property=\"og:image:width\" content=\"1024\" \/>\n\t<meta property=\"og:image:height\" content=\"1024\" \/>\n\t<meta property=\"og:image:type\" content=\"image\/jpeg\" \/>\n<meta name=\"twitter:card\" content=\"summary_large_image\" \/>\n<meta name=\"twitter:label1\" content=\"Gesch\u00e4tzte Lesezeit\" \/>\n\t<meta name=\"twitter:data1\" content=\"2\u00a0Minuten\" \/>\n<script type=\"application\/ld+json\" class=\"yoast-schema-graph\">{\"@context\":\"https:\/\/schema.org\",\"@graph\":[{\"@type\":\"WebPage\",\"@id\":\"https:\/\/spieltz.de\/verlag\/shop\/spiele-kategorie\/familienspiele\/sternhalma\/\",\"url\":\"https:\/\/spieltz.de\/verlag\/shop\/spiele-kategorie\/familienspiele\/sternhalma\/\",\"name\":\"Sternhalma \/ Chinese Checkers - der Brettspiel-Klassiker - Spieltz Verlag\",\"isPartOf\":{\"@id\":\"https:\/\/spieltz.de\/verlag\/#website\"},\"primaryImageOfPage\":{\"@id\":\"https:\/\/spieltz.de\/verlag\/shop\/spiele-kategorie\/familienspiele\/sternhalma\/#primaryimage\"},\"image\":{\"@id\":\"https:\/\/spieltz.de\/verlag\/shop\/spiele-kategorie\/familienspiele\/sternhalma\/#primaryimage\"},\"thumbnailUrl\":\"https:\/\/spieltz.de\/verlag\/wp-content\/uploads\/2015\/10\/sternhalma-1-scaled.jpg\",\"datePublished\":\"2015-10-10T22:28:09+00:00\",\"dateModified\":\"2024-07-09T00:02:46+00:00\",\"description\":\"Sternhalma ist die beliebte Weiterentwicklung des Brettspiel-Klassikers Halma. Das Familienspiel ist f\u00fcr 2-6 Spieler ab 6 Jahren geeignet.\",\"breadcrumb\":{\"@id\":\"https:\/\/spieltz.de\/verlag\/shop\/spiele-kategorie\/familienspiele\/sternhalma\/#breadcrumb\"},\"inLanguage\":\"de\",\"potentialAction\":[{\"@type\":\"ReadAction\",\"target\":[\"https:\/\/spieltz.de\/verlag\/shop\/spiele-kategorie\/familienspiele\/sternhalma\/\"]}]},{\"@type\":\"ImageObject\",\"inLanguage\":\"de\",\"@id\":\"https:\/\/spieltz.de\/verlag\/shop\/spiele-kategorie\/familienspiele\/sternhalma\/#primaryimage\",\"url\":\"https:\/\/spieltz.de\/verlag\/wp-content\/uploads\/2015\/10\/sternhalma-1-scaled.jpg\",\"contentUrl\":\"https:\/\/spieltz.de\/verlag\/wp-content\/uploads\/2015\/10\/sternhalma-1-scaled.jpg\",\"width\":2560,\"height\":2560,\"caption\":\"Sternhalma\"},{\"@type\":\"BreadcrumbList\",\"@id\":\"https:\/\/spieltz.de\/verlag\/shop\/spiele-kategorie\/familienspiele\/sternhalma\/#breadcrumb\",\"itemListElement\":[{\"@type\":\"ListItem\",\"position\":1,\"name\":\"Home\",\"item\":\"https:\/\/spieltz.de\/verlag\/\"},{\"@type\":\"ListItem\",\"position\":2,\"name\":\"Spieltz Verlag\",\"item\":\"https:\/\/spieltz.de\/verlag\/\"},{\"@type\":\"ListItem\",\"position\":3,\"name\":\"Sternhalma \/ Chinese Checkers &#8211; der Brettspiel-Klassiker\"}]},{\"@type\":\"WebSite\",\"@id\":\"https:\/\/spieltz.de\/verlag\/#website\",\"url\":\"https:\/\/spieltz.de\/verlag\/\",\"name\":\"Spieltz Verlag\",\"description\":\"Die Spielemacher. Verlagsprogramm.\",\"potentialAction\":[{\"@type\":\"SearchAction\",\"target\":{\"@type\":\"EntryPoint\",\"urlTemplate\":\"https:\/\/spieltz.de\/verlag\/?s={search_term_string}\"},\"query-input\":\"required name=search_term_string\"}],\"inLanguage\":\"de\"}]}<\/script>\n<!-- \/ Yoast SEO plugin. -->","yoast_head_json":{"title":"Sternhalma \/ Chinese Checkers - der Brettspiel-Klassiker - Spieltz Verlag","description":"Sternhalma ist die beliebte Weiterentwicklung des Brettspiel-Klassikers Halma. Das Familienspiel ist f\u00fcr 2-6 Spieler ab 6 Jahren geeignet.","robots":{"index":"index","follow":"follow","max-snippet":"max-snippet:-1","max-image-preview":"max-image-preview:large","max-video-preview":"max-video-preview:-1"},"canonical":"https:\/\/spieltz.de\/verlag\/shop\/spiele-kategorie\/familienspiele\/sternhalma\/","og_locale":"de_DE","og_type":"article","og_title":"Sternhalma \/ Chinese Checkers - der Brettspiel-Klassiker - Spieltz Verlag","og_description":"Sternhalma ist die beliebte Weiterentwicklung des Brettspiel-Klassikers Halma. Das Familienspiel ist f\u00fcr 2-6 Spieler ab 6 Jahren geeignet.","og_url":"https:\/\/spieltz.de\/verlag\/shop\/spiele-kategorie\/familienspiele\/sternhalma\/","og_site_name":"Spieltz Verlag","article_modified_time":"2024-07-09T00:02:46+00:00","og_image":[{"width":1024,"height":1024,"url":"https:\/\/spieltz.de\/verlag\/wp-content\/uploads\/2015\/10\/sternhalma-1-1024x1024.jpg","type":"image\/jpeg"}],"twitter_card":"summary_large_image","twitter_misc":{"Gesch\u00e4tzte Lesezeit":"2\u00a0Minuten"},"schema":{"@context":"https:\/\/schema.org","@graph":[{"@type":"WebPage","@id":"https:\/\/spieltz.de\/verlag\/shop\/spiele-kategorie\/familienspiele\/sternhalma\/","url":"https:\/\/spieltz.de\/verlag\/shop\/spiele-kategorie\/familienspiele\/sternhalma\/","name":"Sternhalma \/ Chinese Checkers - der Brettspiel-Klassiker - Spieltz Verlag","isPartOf":{"@id":"https:\/\/spieltz.de\/verlag\/#website"},"primaryImageOfPage":{"@id":"https:\/\/spieltz.de\/verlag\/shop\/spiele-kategorie\/familienspiele\/sternhalma\/#primaryimage"},"image":{"@id":"https:\/\/spieltz.de\/verlag\/shop\/spiele-kategorie\/familienspiele\/sternhalma\/#primaryimage"},"thumbnailUrl":"https:\/\/spieltz.de\/verlag\/wp-content\/uploads\/2015\/10\/sternhalma-1-scaled.jpg","datePublished":"2015-10-10T22:28:09+00:00","dateModified":"2024-07-09T00:02:46+00:00","description":"Sternhalma ist die beliebte Weiterentwicklung des Brettspiel-Klassikers Halma. Das Familienspiel ist f\u00fcr 2-6 Spieler ab 6 Jahren geeignet.","breadcrumb":{"@id":"https:\/\/spieltz.de\/verlag\/shop\/spiele-kategorie\/familienspiele\/sternhalma\/#breadcrumb"},"inLanguage":"de","potentialAction":[{"@type":"ReadAction","target":["https:\/\/spieltz.de\/verlag\/shop\/spiele-kategorie\/familienspiele\/sternhalma\/"]}]},{"@type":"ImageObject","inLanguage":"de","@id":"https:\/\/spieltz.de\/verlag\/shop\/spiele-kategorie\/familienspiele\/sternhalma\/#primaryimage","url":"https:\/\/spieltz.de\/verlag\/wp-content\/uploads\/2015\/10\/sternhalma-1-scaled.jpg","contentUrl":"https:\/\/spieltz.de\/verlag\/wp-content\/uploads\/2015\/10\/sternhalma-1-scaled.jpg","width":2560,"height":2560,"caption":"Sternhalma"},{"@type":"BreadcrumbList","@id":"https:\/\/spieltz.de\/verlag\/shop\/spiele-kategorie\/familienspiele\/sternhalma\/#breadcrumb","itemListElement":[{"@type":"ListItem","position":1,"name":"Home","item":"https:\/\/spieltz.de\/verlag\/"},{"@type":"ListItem","position":2,"name":"Spieltz Verlag","item":"https:\/\/spieltz.de\/verlag\/"},{"@type":"ListItem","position":3,"name":"Sternhalma \/ Chinese Checkers &#8211; der Brettspiel-Klassiker"}]},{"@type":"WebSite","@id":"https:\/\/spieltz.de\/verlag\/#website","url":"https:\/\/spieltz.de\/verlag\/","name":"Spieltz Verlag","description":"Die Spielemacher. Verlagsprogramm.","potentialAction":[{"@type":"SearchAction","target":{"@type":"EntryPoint","urlTemplate":"https:\/\/spieltz.de\/verlag\/?s={search_term_string}"},"query-input":"required name=search_term_string"}],"inLanguage":"de"}]}},"_links":{"self":[{"href":"https:\/\/spieltz.de\/verlag\/wp-json\/wp\/v2\/product\/498"}],"collection":[{"href":"https:\/\/spieltz.de\/verlag\/wp-json\/wp\/v2\/product"}],"about":[{"href":"https:\/\/spieltz.de\/verlag\/wp-json\/wp\/v2\/types\/product"}],"replies":[{"embeddable":true,"href":"https:\/\/spieltz.de\/verlag\/wp-json\/wp\/v2\/comments?post=498"}],"wp:featuredmedia":[{"embeddable":true,"href":"https:\/\/spieltz.de\/verlag\/wp-json\/wp\/v2\/media\/1138"}],"wp:attachment":[{"href":"https:\/\/spieltz.de\/verlag\/wp-json\/wp\/v2\/media?parent=498"}],"wp:term":[{"taxonomy":"product_cat","embeddable":true,"href":"https:\/\/spieltz.de\/verlag\/wp-json\/wp\/v2\/product_cat?post=498"},{"taxonomy":"product_tag","embeddable":true,"href":"https:\/\/spieltz.de\/verlag\/wp-json\/wp\/v2\/product_tag?post=498"}],"curies":[{"name":"wp","href":"https:\/\/api.w.org\/{rel}","templated":true}]}}