{"id":480,"date":"2015-10-10T23:59:58","date_gmt":"2015-10-10T21:59:58","guid":{"rendered":"http:\/\/spieltz.de\/verlag\/shop\/20-minuten\/sonnen-muehle-werbespiel-rolle\/"},"modified":"2017-06-20T02:43:31","modified_gmt":"2017-06-20T00:43:31","slug":"sonnen-muehle-spiel","status":"publish","type":"product","link":"https:\/\/spieltz.de\/verlag\/shop\/spiele-kategorie\/traditionelle-brettspiele\/sonnen-muehle-spiel\/","title":{"rendered":"Sonnenm\u00fchle &#8211; das anspruchsvolle M\u00fchle Spiel"},"content":{"rendered":"<ul>\n<li>Art des Spiels: Brettspiel-Klassiker,\u00a0Strategiespiel, traditionelles Spiel<\/li>\n<li>Ausf\u00fchrung: Spielplan auf LKW-Plane \u2013 rollbar und robust, verpackt in eine Papprolle<\/li>\n<li>Zubeh\u00f6r: Spielsteine aus bunt lackiertem Holz<\/li>\n<li>Anzahl Spieler: 2 Spieler<\/li>\n<li>Empfohlenes Spielalter: ab 6\u00a0Jahren<\/li>\n<li>Spieldauer: 15 &#8211; 20 Minuten<\/li>\n<\/ul>\n<h3>Das besondere M\u00fchle Spiel<\/h3>\n<p><span style=\"line-height: 1.5;\">Sonnenm\u00fchle ist eine anspruchsvolle Variante des beliebten M\u00fchle Spiels &#8211; mit 12 statt 9 Steinen pro Spieler. Die Spieler setzen abwechselnd ihre Steine auf die Knotenpunkte des Spielplans, danach wird gezogen. Drei nebeneinander liegende Steine gleicher Farbe bilden eine M\u00dcHLE. Wer eine M\u00fchle gebildet hat, darf dem Gegner einen Stein wegnehmen. Wenn ein Spieler nur mehr 2 Steine hat, ist das Spiel zu Ende. Der andere Spieler ist der Gewinner.<\/span><\/p>\n<p>Autor: unbekannt \/ traditionelles Spiel<br \/>\nDesign:\u00a0Daria F\u00fcrst<\/p>\n<h3>Spielmaterial<\/h3>\n<ul>\n<li>1 Spielplan aus LKW-Plane, rollbar, robust und abwaschbar<\/li>\n<li>2 x 12 Spielfiguren aus bunt lackiertem Holz<\/li>\n<li>Anleitung auf Deutsch<\/li>\n<li>Verpackung: Papprolle<\/li>\n<\/ul>\n<h3>Gr\u00f6\u00dfen<\/h3>\n<ul>\n<li>Reisespiel: Spielplan Gr\u00f6\u00dfe 20\u00d720, Verpackung: Rolle L\u00e4nge 24\u00a0cm, Durchmesser 6 cm<\/li>\n<li>Standardspiel: Spielplan Gr\u00f6\u00dfe 30\u00d730 cm,\u00a0Verpackung: Rolle L\u00e4nge 34\u00a0cm, Durchmesser 6 cm<\/li>\n<li>Maxispiel: Spielplan Gr\u00f6\u00dfe 40\u00d740 cm, Verpackung: Rolle L\u00e4nge 44\u00a0cm, Durchmesser 6 cm<\/li>\n<li>Gr\u00f6\u00dfe XL: Spielplan Gr\u00f6\u00dfe 50\u00d750 cm, Verpackung: Rolle L\u00e4nge 54\u00a0cm, Durchmesser 8\u00a0cm<\/li>\n<li>Gr\u00f6\u00dfe XXL: Spielplan Gr\u00f6\u00dfe 60\u00d760 cm, Verpackung: Rolle L\u00e4nge 64\u00a0cm, Durchmesser 8\u00a0cm<\/li>\n<\/ul>\n<p>Die Gr\u00f6\u00dfen der Spielsteine sind auf die Gr\u00f6\u00dfen der Spielpl\u00e4ne abgestimmt.<\/p>\n<p>Die Gr\u00f6\u00dfen XL und XXL eignen sich besonders gut f\u00fcr motorisch eingeschr\u00e4nkte Spieler, j\u00fcngere Kinder oder Spiele bei gr\u00f6\u00dferen Veranstaltungen.<\/p>\n<h3>Sonnenm\u00fchle, das anspruchsvolle M\u00fchle Spiel kaufen<\/h3>\n<h4>Kunden<\/h4>\n<p>Unser Brettspiel SONNENM\u00dcHLE\u00a0ist in verschiedenen Farben und Gr\u00f6\u00dfen im Internet erh\u00e4ltlich <a href=\"https:\/\/www.amazon.de\/Sonnenm%C3%BChle-anspruchsvolle-M%C3%BChle-Variante-Small-gelb\/dp\/B00J478INQ\/ref=sr_1_1?srs=9059222031&amp;ie=UTF8&amp;qid=1491008904&amp;sr=8-1&amp;keywords=sonnenm%C3%BChle\">bei Amazon\u00a0<\/a>, sowie und in unseren Shops bei <a href=\"http:\/\/spieltz.rakuten-shop.de\/\">Rakuten.de<\/a>, und\u00a0<a href=\"https:\/\/www.hitmeister.de\/shops\/spieltz\/\">Hitmeister,<\/a>\u00a0sowie in ausgew\u00e4hlten L\u00e4den.<\/p>\n<h4>H\u00e4ndler<\/h4>\n<p>Bitte kontaktieren Sie uns f\u00fcr eine <a href=\"mailto:info@spieltz.de\">H\u00e4ndlerpreisliste.<\/a><\/p>\n<h4>Firmenkunden<\/h4>\n<p>Wie alle Spieltz-Spiele ist unser M\u00fchle Spiel SONNENM\u00dcHLE\u00a0auch als Werbespiel mit Ihrem eigenen Branding \/ in Ihren Unternehmensfarben erh\u00e4ltlich. Bitte besuchen Sie unseren <a href=\"http:\/\/spieltz.de\/werbespiele\/shop\/ausfuehrung\/preiskategorie-a\/sonnen-muehle-werbespiel-rolle\/\">Werbespiele Shop<\/a>.<\/p>\n<ul>\n<li><a href=\"http:\/\/spieltz.de\/werbespiele\/shop\/ausfuehrung\/preiskategorie-a\/sonnen-muehle-werbespiel-rolle\/\">Brettspiel SONNENM\u00dcHLE\u00a0mit Branding, rollbar auf LKW-Plane\u00a0<\/a><\/li>\n<li><a href=\"http:\/\/spieltz.de\/werbespiele\/shop\/ausfuehrung\/preiskategorie-d\/sonnenmuehle-die-anspruchsvolle-muehle-variante\/\">Brettspiel SONNENM\u00dcHLE\u00a0mit Branding, klassisch produziert als Brettspiel mit Spielbrett \/ St\u00fclpdeckelschachtel<\/a>.<\/li>\n<\/ul>\n","protected":false},"excerpt":{"rendered":"<p>Sonnenm\u00fchle ist eine anspruchsvolle Variante des beliebten M\u00fchle Spiels &#8211; mit 12 statt 9 Steinen pro Spieler.<\/p>\n<p>Spieldauer etwa 20 Minuten.<\/p>\n<p>Der Spielplan ist auf rollbare LKW-Plane gedruckt und zusammen mit dem Zubeh\u00f6r in eine Rolle verpackt. Das Spiel ist in verschiedenen Farben und Gr\u00f6\u00dfen erh\u00e4ltlich.<\/p>\n<p>Ma\u00dfe:<\/p>\n<ul>\n<li>Reisespiel: Spielplan Gr\u00f6\u00dfe 20\u00d720, Verpackung: Rolle L\u00e4nge 24\u00a0cm, Durchmesser 6 cm<\/li>\n<li>Standardspiel: Spielplan Gr\u00f6\u00dfe 30\u00d730 cm,\u00a0Verpackung: Rolle L\u00e4nge 34\u00a0cm, Durchmesser 6 cm<\/li>\n<li>Maxispiel: Spielplan Gr\u00f6\u00dfe 40\u00d740 cm, Verpackung: Rolle L\u00e4nge 44\u00a0cm, Durchmesser 6 cm<\/li>\n<li>Gr\u00f6\u00dfe XL: Spielplan Gr\u00f6\u00dfe 50\u00d750 cm, Verpackung: Rolle L\u00e4nge 54\u00a0cm, Durchmesser 8\u00a0cm<\/li>\n<li>Gr\u00f6\u00dfe XXL: Spielplan Gr\u00f6\u00dfe 60\u00d760 cm, Verpackung: Rolle L\u00e4nge 64\u00a0cm, Durchmesser 8\u00a0cm<\/li>\n<\/ul>\n","protected":false},"featured_media":1131,"comment_status":"open","ping_status":"closed","template":"","meta":{"_monsterinsights_skip_tracking":false,"_monsterinsights_sitenote_active":false,"_monsterinsights_sitenote_note":"","_monsterinsights_sitenote_category":0,"_themeisle_gutenberg_block_has_review":false},"product_cat":[112,84,81,101,100],"product_tag":[68,227,66,65],"yoast_head":"<!-- This site is optimized with the Yoast SEO plugin v22.5 - https:\/\/yoast.com\/wordpress\/plugins\/seo\/ -->\n<title>Sonnenm\u00fchle - das anspruchsvolle M\u00fchle Spiel - Spieltz Verlag<\/title>\n<meta name=\"description\" content=\"Sonnenm\u00fchle - das anspruchsvolle M\u00fchle Spiel. Ein Strategiespiel f\u00fcr 2 Spieler ab 8 Jahren. In verschiedenen Farben und Gr\u00f6\u00dfen erh\u00e4ltlich.\" \/>\n<meta name=\"robots\" content=\"index, follow, max-snippet:-1, max-image-preview:large, max-video-preview:-1\" \/>\n<link rel=\"canonical\" href=\"https:\/\/spieltz.de\/verlag\/shop\/spiele-kategorie\/traditionelle-brettspiele\/sonnen-muehle-spiel\/\" \/>\n<meta property=\"og:locale\" content=\"de_DE\" \/>\n<meta property=\"og:type\" content=\"article\" \/>\n<meta property=\"og:title\" content=\"Sonnenm\u00fchle - das anspruchsvolle M\u00fchle Spiel - Spieltz Verlag\" \/>\n<meta property=\"og:description\" content=\"Sonnenm\u00fchle - das anspruchsvolle M\u00fchle Spiel. Ein Strategiespiel f\u00fcr 2 Spieler ab 8 Jahren. In verschiedenen Farben und Gr\u00f6\u00dfen erh\u00e4ltlich.\" \/>\n<meta property=\"og:url\" content=\"https:\/\/spieltz.de\/verlag\/shop\/spiele-kategorie\/traditionelle-brettspiele\/sonnen-muehle-spiel\/\" \/>\n<meta property=\"og:site_name\" content=\"Spieltz Verlag\" \/>\n<meta property=\"article:modified_time\" content=\"2017-06-20T00:43:31+00:00\" \/>\n<meta property=\"og:image\" content=\"https:\/\/spieltz.de\/verlag\/wp-content\/uploads\/2015\/10\/sonnenmu\u0308hle-mu\u0308hle-spiel-1024x1024.jpg\" \/>\n\t<meta property=\"og:image:width\" content=\"1024\" \/>\n\t<meta property=\"og:image:height\" content=\"1024\" \/>\n\t<meta property=\"og:image:type\" content=\"image\/jpeg\" \/>\n<meta name=\"twitter:card\" content=\"summary_large_image\" \/>\n<meta name=\"twitter:label1\" content=\"Gesch\u00e4tzte Lesezeit\" \/>\n\t<meta name=\"twitter:data1\" content=\"2\u00a0Minuten\" \/>\n<script type=\"application\/ld+json\" class=\"yoast-schema-graph\">{\"@context\":\"https:\/\/schema.org\",\"@graph\":[{\"@type\":\"WebPage\",\"@id\":\"https:\/\/spieltz.de\/verlag\/shop\/spiele-kategorie\/traditionelle-brettspiele\/sonnen-muehle-spiel\/\",\"url\":\"https:\/\/spieltz.de\/verlag\/shop\/spiele-kategorie\/traditionelle-brettspiele\/sonnen-muehle-spiel\/\",\"name\":\"Sonnenm\u00fchle - das anspruchsvolle M\u00fchle Spiel - Spieltz Verlag\",\"isPartOf\":{\"@id\":\"https:\/\/spieltz.de\/verlag\/#website\"},\"primaryImageOfPage\":{\"@id\":\"https:\/\/spieltz.de\/verlag\/shop\/spiele-kategorie\/traditionelle-brettspiele\/sonnen-muehle-spiel\/#primaryimage\"},\"image\":{\"@id\":\"https:\/\/spieltz.de\/verlag\/shop\/spiele-kategorie\/traditionelle-brettspiele\/sonnen-muehle-spiel\/#primaryimage\"},\"thumbnailUrl\":\"https:\/\/spieltz.de\/verlag\/wp-content\/uploads\/2015\/10\/sonnenmu\u0308hle-mu\u0308hle-spiel-scaled.jpg\",\"datePublished\":\"2015-10-10T21:59:58+00:00\",\"dateModified\":\"2017-06-20T00:43:31+00:00\",\"description\":\"Sonnenm\u00fchle - das anspruchsvolle M\u00fchle Spiel. Ein Strategiespiel f\u00fcr 2 Spieler ab 8 Jahren. In verschiedenen Farben und Gr\u00f6\u00dfen erh\u00e4ltlich.\",\"breadcrumb\":{\"@id\":\"https:\/\/spieltz.de\/verlag\/shop\/spiele-kategorie\/traditionelle-brettspiele\/sonnen-muehle-spiel\/#breadcrumb\"},\"inLanguage\":\"de\",\"potentialAction\":[{\"@type\":\"ReadAction\",\"target\":[\"https:\/\/spieltz.de\/verlag\/shop\/spiele-kategorie\/traditionelle-brettspiele\/sonnen-muehle-spiel\/\"]}]},{\"@type\":\"ImageObject\",\"inLanguage\":\"de\",\"@id\":\"https:\/\/spieltz.de\/verlag\/shop\/spiele-kategorie\/traditionelle-brettspiele\/sonnen-muehle-spiel\/#primaryimage\",\"url\":\"https:\/\/spieltz.de\/verlag\/wp-content\/uploads\/2015\/10\/sonnenmu\u0308hle-mu\u0308hle-spiel-scaled.jpg\",\"contentUrl\":\"https:\/\/spieltz.de\/verlag\/wp-content\/uploads\/2015\/10\/sonnenmu\u0308hle-mu\u0308hle-spiel-scaled.jpg\",\"width\":2560,\"height\":2560,\"caption\":\"m\u00fchle spiel\"},{\"@type\":\"BreadcrumbList\",\"@id\":\"https:\/\/spieltz.de\/verlag\/shop\/spiele-kategorie\/traditionelle-brettspiele\/sonnen-muehle-spiel\/#breadcrumb\",\"itemListElement\":[{\"@type\":\"ListItem\",\"position\":1,\"name\":\"Home\",\"item\":\"https:\/\/spieltz.de\/verlag\/\"},{\"@type\":\"ListItem\",\"position\":2,\"name\":\"Spieltz Verlag\",\"item\":\"https:\/\/spieltz.de\/verlag\/\"},{\"@type\":\"ListItem\",\"position\":3,\"name\":\"Sonnenm\u00fchle &#8211; das anspruchsvolle M\u00fchle Spiel\"}]},{\"@type\":\"WebSite\",\"@id\":\"https:\/\/spieltz.de\/verlag\/#website\",\"url\":\"https:\/\/spieltz.de\/verlag\/\",\"name\":\"Spieltz Verlag\",\"description\":\"Die Spielemacher. Verlagsprogramm.\",\"potentialAction\":[{\"@type\":\"SearchAction\",\"target\":{\"@type\":\"EntryPoint\",\"urlTemplate\":\"https:\/\/spieltz.de\/verlag\/?s={search_term_string}\"},\"query-input\":\"required name=search_term_string\"}],\"inLanguage\":\"de\"}]}<\/script>\n<!-- \/ Yoast SEO plugin. -->","yoast_head_json":{"title":"Sonnenm\u00fchle - das anspruchsvolle M\u00fchle Spiel - Spieltz Verlag","description":"Sonnenm\u00fchle - das anspruchsvolle M\u00fchle Spiel. Ein Strategiespiel f\u00fcr 2 Spieler ab 8 Jahren. In verschiedenen Farben und Gr\u00f6\u00dfen erh\u00e4ltlich.","robots":{"index":"index","follow":"follow","max-snippet":"max-snippet:-1","max-image-preview":"max-image-preview:large","max-video-preview":"max-video-preview:-1"},"canonical":"https:\/\/spieltz.de\/verlag\/shop\/spiele-kategorie\/traditionelle-brettspiele\/sonnen-muehle-spiel\/","og_locale":"de_DE","og_type":"article","og_title":"Sonnenm\u00fchle - das anspruchsvolle M\u00fchle Spiel - Spieltz Verlag","og_description":"Sonnenm\u00fchle - das anspruchsvolle M\u00fchle Spiel. Ein Strategiespiel f\u00fcr 2 Spieler ab 8 Jahren. In verschiedenen Farben und Gr\u00f6\u00dfen erh\u00e4ltlich.","og_url":"https:\/\/spieltz.de\/verlag\/shop\/spiele-kategorie\/traditionelle-brettspiele\/sonnen-muehle-spiel\/","og_site_name":"Spieltz Verlag","article_modified_time":"2017-06-20T00:43:31+00:00","og_image":[{"width":1024,"height":1024,"url":"https:\/\/spieltz.de\/verlag\/wp-content\/uploads\/2015\/10\/sonnenmu\u0308hle-mu\u0308hle-spiel-1024x1024.jpg","type":"image\/jpeg"}],"twitter_card":"summary_large_image","twitter_misc":{"Gesch\u00e4tzte Lesezeit":"2\u00a0Minuten"},"schema":{"@context":"https:\/\/schema.org","@graph":[{"@type":"WebPage","@id":"https:\/\/spieltz.de\/verlag\/shop\/spiele-kategorie\/traditionelle-brettspiele\/sonnen-muehle-spiel\/","url":"https:\/\/spieltz.de\/verlag\/shop\/spiele-kategorie\/traditionelle-brettspiele\/sonnen-muehle-spiel\/","name":"Sonnenm\u00fchle - das anspruchsvolle M\u00fchle Spiel - Spieltz Verlag","isPartOf":{"@id":"https:\/\/spieltz.de\/verlag\/#website"},"primaryImageOfPage":{"@id":"https:\/\/spieltz.de\/verlag\/shop\/spiele-kategorie\/traditionelle-brettspiele\/sonnen-muehle-spiel\/#primaryimage"},"image":{"@id":"https:\/\/spieltz.de\/verlag\/shop\/spiele-kategorie\/traditionelle-brettspiele\/sonnen-muehle-spiel\/#primaryimage"},"thumbnailUrl":"https:\/\/spieltz.de\/verlag\/wp-content\/uploads\/2015\/10\/sonnenmu\u0308hle-mu\u0308hle-spiel-scaled.jpg","datePublished":"2015-10-10T21:59:58+00:00","dateModified":"2017-06-20T00:43:31+00:00","description":"Sonnenm\u00fchle - das anspruchsvolle M\u00fchle Spiel. Ein Strategiespiel f\u00fcr 2 Spieler ab 8 Jahren. In verschiedenen Farben und Gr\u00f6\u00dfen erh\u00e4ltlich.","breadcrumb":{"@id":"https:\/\/spieltz.de\/verlag\/shop\/spiele-kategorie\/traditionelle-brettspiele\/sonnen-muehle-spiel\/#breadcrumb"},"inLanguage":"de","potentialAction":[{"@type":"ReadAction","target":["https:\/\/spieltz.de\/verlag\/shop\/spiele-kategorie\/traditionelle-brettspiele\/sonnen-muehle-spiel\/"]}]},{"@type":"ImageObject","inLanguage":"de","@id":"https:\/\/spieltz.de\/verlag\/shop\/spiele-kategorie\/traditionelle-brettspiele\/sonnen-muehle-spiel\/#primaryimage","url":"https:\/\/spieltz.de\/verlag\/wp-content\/uploads\/2015\/10\/sonnenmu\u0308hle-mu\u0308hle-spiel-scaled.jpg","contentUrl":"https:\/\/spieltz.de\/verlag\/wp-content\/uploads\/2015\/10\/sonnenmu\u0308hle-mu\u0308hle-spiel-scaled.jpg","width":2560,"height":2560,"caption":"m\u00fchle spiel"},{"@type":"BreadcrumbList","@id":"https:\/\/spieltz.de\/verlag\/shop\/spiele-kategorie\/traditionelle-brettspiele\/sonnen-muehle-spiel\/#breadcrumb","itemListElement":[{"@type":"ListItem","position":1,"name":"Home","item":"https:\/\/spieltz.de\/verlag\/"},{"@type":"ListItem","position":2,"name":"Spieltz Verlag","item":"https:\/\/spieltz.de\/verlag\/"},{"@type":"ListItem","position":3,"name":"Sonnenm\u00fchle &#8211; das anspruchsvolle M\u00fchle Spiel"}]},{"@type":"WebSite","@id":"https:\/\/spieltz.de\/verlag\/#website","url":"https:\/\/spieltz.de\/verlag\/","name":"Spieltz Verlag","description":"Die Spielemacher. Verlagsprogramm.","potentialAction":[{"@type":"SearchAction","target":{"@type":"EntryPoint","urlTemplate":"https:\/\/spieltz.de\/verlag\/?s={search_term_string}"},"query-input":"required name=search_term_string"}],"inLanguage":"de"}]}},"_links":{"self":[{"href":"https:\/\/spieltz.de\/verlag\/wp-json\/wp\/v2\/product\/480"}],"collection":[{"href":"https:\/\/spieltz.de\/verlag\/wp-json\/wp\/v2\/product"}],"about":[{"href":"https:\/\/spieltz.de\/verlag\/wp-json\/wp\/v2\/types\/product"}],"replies":[{"embeddable":true,"href":"https:\/\/spieltz.de\/verlag\/wp-json\/wp\/v2\/comments?post=480"}],"wp:featuredmedia":[{"embeddable":true,"href":"https:\/\/spieltz.de\/verlag\/wp-json\/wp\/v2\/media\/1131"}],"wp:attachment":[{"href":"https:\/\/spieltz.de\/verlag\/wp-json\/wp\/v2\/media?parent=480"}],"wp:term":[{"taxonomy":"product_cat","embeddable":true,"href":"https:\/\/spieltz.de\/verlag\/wp-json\/wp\/v2\/product_cat?post=480"},{"taxonomy":"product_tag","embeddable":true,"href":"https:\/\/spieltz.de\/verlag\/wp-json\/wp\/v2\/product_tag?post=480"}],"curies":[{"name":"wp","href":"https:\/\/api.w.org\/{rel}","templated":true}]}}