{"id":1196,"date":"2017-11-04T02:08:06","date_gmt":"2017-11-04T01:08:06","guid":{"rendered":"http:\/\/spieltz.de\/verlag\/shop\/alter\/ab-6-jahren\/brettspiel-berlin-der-schnellste-weg-zum-fernsehturm\/"},"modified":"2024-05-05T01:06:43","modified_gmt":"2024-05-04T23:06:43","slug":"brettspiel-berlin-der-schnellste-weg-zum-fernsehturm","status":"publish","type":"product","link":"https:\/\/spieltz.de\/verlag\/shop\/spieldauer\/30-45-minuten\/brettspiel-berlin-der-schnellste-weg-zum-fernsehturm\/","title":{"rendered":"Brettspiel Berlin: Der schnellste Weg zum Fernsehturm"},"content":{"rendered":"<ul>\n<li>Art des Spiels: Brettspiel, Familienspiel, Gesellschaftsspiel<\/li>\n<li>Ausf\u00fchrung: Spielplan auf LKW-Plane \u2013 rollbar und robust, verpackt in eine\u00a0durchsichtige PVC-Rolle<\/li>\n<li>Spielthema: Brettspiel Berlin, Stadtspiel, Sehensw\u00fcrdigkeiten<\/li>\n<li>Anzahl Spieler: 2 \u2013 4 Spieler<\/li>\n<li>Empfohlenes Spielalter: ab\u00a06 Jahren<\/li>\n<li>Spieldauer: 30 \u2013 45 Minuten<\/li>\n<li>Erh\u00e4ltlich in Standardgr\u00f6\u00dfe (Spielplan 30&#215;30 cm, als Reisespiel (Spielplan 20&#215;20 cm) und als Maxi-Spiel (Spielplan 40&#215;40 cm)<\/li>\n<\/ul>\n<h3>Brettspiel Berlin:\u00a0Wettlauf zum Fernsehturm f\u00fcr die ganze Familie<\/h3>\n<p>Familie Schulze, Familie M\u00fcller, Familie Schmidt und Familie Schneider machen Urlaub in Berlin. Sie haben schon alles M\u00f6gliche gesehen, nun wollen sie ganz schnell zum Fernsehturm \u2013 denn heute ist die Aussicht besonders sch\u00f6n. Wer wird es zuerst mit allen Familienmitgliedern schaffen?<\/p>\n<p>Der Klassiker &#8222;Mensch \u00e4rgere Dich nicht&#8220; ist bei Jung und Alt bekannt und beliebt. Er bildet die Basis f\u00fcr unser Berlin Spiel.\u00a0Gew\u00fcrfelt wird aber mit zwei statt mit einem W\u00fcrfel &#8211; die W\u00fcrfelaugen werden zusammengez\u00e4hlt und es gibt nicht nur Vorw\u00e4rtsz\u00fcge, auch\u00a0R\u00fcckw\u00e4rtsz\u00fcge oder Platztausch sind m\u00f6glich. Zudem gibt es gute und fiese Sonderfelder.<\/p>\n<p>Autorin: Karin Janner<br \/>\nDesign:\u00a0Ilya Borisov<\/p>\n<h3>Spielmaterial<\/h3>\n<ul>\n<li>1 Spielplan aus LKW-Plane, rollbar, robust und abwaschbar<\/li>\n<li>4&#215;4\u00a0Spielfiguren + 2\u00a0W\u00fcrfel aus bunt lackiertem Holz<\/li>\n<li>Anleitung auf Deutsch und Englisch<\/li>\n<li>Verpackung: PVC-Schraubrolle, durchsichtig,\u00a0mit\u00a0Banderole.<\/li>\n<\/ul>\n<h3>Verf\u00fcgbare Gr\u00f6\u00dfen<\/h3>\n<ul>\n<li>Reisespiel:\u00a0Spielplan Gr\u00f6\u00dfe 20&#215;20 cm,\u00a0Verpackung: Rolle L\u00e4nge 24\u00a0cm, Durchmesser 6,5 cm<\/li>\n<li>Standardspiel: Spielplan Gr\u00f6\u00dfe 30&#215;30 cm,\u00a0Verpackung: Rolle L\u00e4nge 34\u00a0cm, Durchmesser 6,5 cm<\/li>\n<li>Maxispiel: Spielplan Gr\u00f6\u00dfe 40&#215;40 cm, Verpackung: Rolle L\u00e4nge 44\u00a0cm, Durchmesser 6,5 cm<\/li>\n<\/ul>\n<h3>Brettspiel Berlin\u00a0kaufen<\/h3>\n<h4>Kunden<\/h4>\n<p>Unser Brettspiel Berlin &#8222;Der schnellste Weg zum Fernsehturm&#8220;\u00a0ist im Internet erh\u00e4ltlich bei Amazon\u00a0und in unseren Shops bei <a href=\"http:\/\/spieltz.rakuten-shop.de\/\">Rakuten.de<\/a>, <a href=\"https:\/\/www.hitmeister.de\/shops\/spieltz\/\">Hitmeister<\/a> und <a href=\"https:\/\/de.allyouneed.com\/de\/~spieltz\">Allyouneed<\/a>, sowie in ausgew\u00e4hlten L\u00e4den.<\/p>\n<h4>H\u00e4ndler<\/h4>\n<p>Bitte kontaktieren Sie uns f\u00fcr eine <a href=\"mailto:info@spieltz.de\">H\u00e4ndlerpreisliste.<\/a><\/p>\n<h4>Firmenkunden<\/h4>\n<p>Firmenkunden k\u00f6nnen &#8222;Der schnellste Weg zum Fernsehturm&#8220; mit eigenem Branding erhalten. Bitte Preise \/ Staffelpreise\u00a0<a href=\"mailto:info@spieltz.de\">per Mail <\/a>erfragen.<\/p>\n<p>Tags: berlin spiel, brettspiel berlin, berliner sehensw\u00fcrdigkeiten<\/p>\n","protected":false},"excerpt":{"rendered":"<p>Wettlauf durch Berlin. Wer ist der Erste beim Fernsehturm?<\/p>\n<p>F\u00fcr 2 \u2013 4 Spieler ab 6 Jahren, Spieldauer 30-45 Minuten.<\/p>\n<p>Der Spielplan ist auf rollbare Plane gedruckt, der zusammen mit Spielfiguren und Zubeh\u00f6r in eine Rolle verpackt ist.<\/p>\n<p><span style=\"text-decoration: underline;\">Gr\u00f6\u00dfen<\/span><br \/>\nReisespiel: Spielplan\u00a020&#215;20 cm<br \/>\nStandardspiel: Spielplan\u00a030&#215;30 cm<br \/>\nMaxispiel: Spielplan\u00a040&#215;40 cm<\/p>\n","protected":false},"featured_media":1201,"comment_status":"open","ping_status":"closed","template":"","meta":{"_monsterinsights_skip_tracking":false,"_monsterinsights_sitenote_active":false,"_monsterinsights_sitenote_note":"","_monsterinsights_sitenote_category":0,"_themeisle_gutenberg_block_has_review":false},"product_cat":[109,110,81,98],"product_tag":[226,68,99,62],"yoast_head":"<!-- This site is optimized with the Yoast SEO plugin v22.5 - https:\/\/yoast.com\/wordpress\/plugins\/seo\/ -->\n<title>Brettspiel Berlin: Der schnellste Weg zum Fernsehturm - Spieltz Verlag<\/title>\n<meta name=\"description\" content=\"Brettspiel Berlin: Wettlauf zum Fernsehturm f\u00fcr 2 - 4 Spieler ab 6 Jahren. Wer wird als Erster ankommen? Berlin Spiel f\u00fcr Jung und Alt.\" \/>\n<meta name=\"robots\" content=\"index, follow, max-snippet:-1, max-image-preview:large, max-video-preview:-1\" \/>\n<link rel=\"canonical\" href=\"https:\/\/spieltz.de\/verlag\/shop\/spieldauer\/30-45-minuten\/brettspiel-berlin-der-schnellste-weg-zum-fernsehturm\/\" \/>\n<meta property=\"og:locale\" content=\"de_DE\" \/>\n<meta property=\"og:type\" content=\"article\" \/>\n<meta property=\"og:title\" content=\"Brettspiel Berlin: Der schnellste Weg zum Fernsehturm - Spieltz Verlag\" \/>\n<meta property=\"og:description\" content=\"Brettspiel Berlin: Wettlauf zum Fernsehturm f\u00fcr 2 - 4 Spieler ab 6 Jahren. Wer wird als Erster ankommen? Berlin Spiel f\u00fcr Jung und Alt.\" \/>\n<meta property=\"og:url\" content=\"https:\/\/spieltz.de\/verlag\/shop\/spieldauer\/30-45-minuten\/brettspiel-berlin-der-schnellste-weg-zum-fernsehturm\/\" \/>\n<meta property=\"og:site_name\" content=\"Spieltz Verlag\" \/>\n<meta property=\"article:modified_time\" content=\"2024-05-04T23:06:43+00:00\" \/>\n<meta property=\"og:image\" content=\"https:\/\/spieltz.de\/verlag\/wp-content\/uploads\/2017\/11\/Berlin_board_game-Kopie-scaled.jpg\" \/>\n\t<meta property=\"og:image:width\" content=\"2560\" \/>\n\t<meta property=\"og:image:height\" content=\"2560\" \/>\n\t<meta property=\"og:image:type\" content=\"image\/jpeg\" \/>\n<meta name=\"twitter:card\" content=\"summary_large_image\" \/>\n<meta name=\"twitter:label1\" content=\"Gesch\u00e4tzte Lesezeit\" \/>\n\t<meta name=\"twitter:data1\" content=\"2\u00a0Minuten\" \/>\n<script type=\"application\/ld+json\" class=\"yoast-schema-graph\">{\"@context\":\"https:\/\/schema.org\",\"@graph\":[{\"@type\":\"WebPage\",\"@id\":\"https:\/\/spieltz.de\/verlag\/shop\/spieldauer\/30-45-minuten\/brettspiel-berlin-der-schnellste-weg-zum-fernsehturm\/\",\"url\":\"https:\/\/spieltz.de\/verlag\/shop\/spieldauer\/30-45-minuten\/brettspiel-berlin-der-schnellste-weg-zum-fernsehturm\/\",\"name\":\"Brettspiel Berlin: Der schnellste Weg zum Fernsehturm - Spieltz Verlag\",\"isPartOf\":{\"@id\":\"https:\/\/spieltz.de\/verlag\/#website\"},\"primaryImageOfPage\":{\"@id\":\"https:\/\/spieltz.de\/verlag\/shop\/spieldauer\/30-45-minuten\/brettspiel-berlin-der-schnellste-weg-zum-fernsehturm\/#primaryimage\"},\"image\":{\"@id\":\"https:\/\/spieltz.de\/verlag\/shop\/spieldauer\/30-45-minuten\/brettspiel-berlin-der-schnellste-weg-zum-fernsehturm\/#primaryimage\"},\"thumbnailUrl\":\"https:\/\/spieltz.de\/verlag\/wp-content\/uploads\/2017\/11\/Berlin_board_game-Kopie-scaled.jpg\",\"datePublished\":\"2017-11-04T01:08:06+00:00\",\"dateModified\":\"2024-05-04T23:06:43+00:00\",\"description\":\"Brettspiel Berlin: Wettlauf zum Fernsehturm f\u00fcr 2 - 4 Spieler ab 6 Jahren. Wer wird als Erster ankommen? Berlin Spiel f\u00fcr Jung und Alt.\",\"breadcrumb\":{\"@id\":\"https:\/\/spieltz.de\/verlag\/shop\/spieldauer\/30-45-minuten\/brettspiel-berlin-der-schnellste-weg-zum-fernsehturm\/#breadcrumb\"},\"inLanguage\":\"de\",\"potentialAction\":[{\"@type\":\"ReadAction\",\"target\":[\"https:\/\/spieltz.de\/verlag\/shop\/spieldauer\/30-45-minuten\/brettspiel-berlin-der-schnellste-weg-zum-fernsehturm\/\"]}]},{\"@type\":\"ImageObject\",\"inLanguage\":\"de\",\"@id\":\"https:\/\/spieltz.de\/verlag\/shop\/spieldauer\/30-45-minuten\/brettspiel-berlin-der-schnellste-weg-zum-fernsehturm\/#primaryimage\",\"url\":\"https:\/\/spieltz.de\/verlag\/wp-content\/uploads\/2017\/11\/Berlin_board_game-Kopie-scaled.jpg\",\"contentUrl\":\"https:\/\/spieltz.de\/verlag\/wp-content\/uploads\/2017\/11\/Berlin_board_game-Kopie-scaled.jpg\",\"width\":2560,\"height\":2560,\"caption\":\"Brettspiel Berlin\"},{\"@type\":\"BreadcrumbList\",\"@id\":\"https:\/\/spieltz.de\/verlag\/shop\/spieldauer\/30-45-minuten\/brettspiel-berlin-der-schnellste-weg-zum-fernsehturm\/#breadcrumb\",\"itemListElement\":[{\"@type\":\"ListItem\",\"position\":1,\"name\":\"Home\",\"item\":\"https:\/\/spieltz.de\/verlag\/\"},{\"@type\":\"ListItem\",\"position\":2,\"name\":\"Spieltz Verlag\",\"item\":\"https:\/\/spieltz.de\/verlag\/\"},{\"@type\":\"ListItem\",\"position\":3,\"name\":\"Brettspiel Berlin: Der schnellste Weg zum Fernsehturm\"}]},{\"@type\":\"WebSite\",\"@id\":\"https:\/\/spieltz.de\/verlag\/#website\",\"url\":\"https:\/\/spieltz.de\/verlag\/\",\"name\":\"Spieltz Verlag\",\"description\":\"Die Spielemacher. Verlagsprogramm.\",\"potentialAction\":[{\"@type\":\"SearchAction\",\"target\":{\"@type\":\"EntryPoint\",\"urlTemplate\":\"https:\/\/spieltz.de\/verlag\/?s={search_term_string}\"},\"query-input\":\"required name=search_term_string\"}],\"inLanguage\":\"de\"}]}<\/script>\n<!-- \/ Yoast SEO plugin. -->","yoast_head_json":{"title":"Brettspiel Berlin: Der schnellste Weg zum Fernsehturm - Spieltz Verlag","description":"Brettspiel Berlin: Wettlauf zum Fernsehturm f\u00fcr 2 - 4 Spieler ab 6 Jahren. Wer wird als Erster ankommen? Berlin Spiel f\u00fcr Jung und Alt.","robots":{"index":"index","follow":"follow","max-snippet":"max-snippet:-1","max-image-preview":"max-image-preview:large","max-video-preview":"max-video-preview:-1"},"canonical":"https:\/\/spieltz.de\/verlag\/shop\/spieldauer\/30-45-minuten\/brettspiel-berlin-der-schnellste-weg-zum-fernsehturm\/","og_locale":"de_DE","og_type":"article","og_title":"Brettspiel Berlin: Der schnellste Weg zum Fernsehturm - Spieltz Verlag","og_description":"Brettspiel Berlin: Wettlauf zum Fernsehturm f\u00fcr 2 - 4 Spieler ab 6 Jahren. Wer wird als Erster ankommen? Berlin Spiel f\u00fcr Jung und Alt.","og_url":"https:\/\/spieltz.de\/verlag\/shop\/spieldauer\/30-45-minuten\/brettspiel-berlin-der-schnellste-weg-zum-fernsehturm\/","og_site_name":"Spieltz Verlag","article_modified_time":"2024-05-04T23:06:43+00:00","og_image":[{"width":2560,"height":2560,"url":"https:\/\/spieltz.de\/verlag\/wp-content\/uploads\/2017\/11\/Berlin_board_game-Kopie-scaled.jpg","type":"image\/jpeg"}],"twitter_card":"summary_large_image","twitter_misc":{"Gesch\u00e4tzte Lesezeit":"2\u00a0Minuten"},"schema":{"@context":"https:\/\/schema.org","@graph":[{"@type":"WebPage","@id":"https:\/\/spieltz.de\/verlag\/shop\/spieldauer\/30-45-minuten\/brettspiel-berlin-der-schnellste-weg-zum-fernsehturm\/","url":"https:\/\/spieltz.de\/verlag\/shop\/spieldauer\/30-45-minuten\/brettspiel-berlin-der-schnellste-weg-zum-fernsehturm\/","name":"Brettspiel Berlin: Der schnellste Weg zum Fernsehturm - Spieltz Verlag","isPartOf":{"@id":"https:\/\/spieltz.de\/verlag\/#website"},"primaryImageOfPage":{"@id":"https:\/\/spieltz.de\/verlag\/shop\/spieldauer\/30-45-minuten\/brettspiel-berlin-der-schnellste-weg-zum-fernsehturm\/#primaryimage"},"image":{"@id":"https:\/\/spieltz.de\/verlag\/shop\/spieldauer\/30-45-minuten\/brettspiel-berlin-der-schnellste-weg-zum-fernsehturm\/#primaryimage"},"thumbnailUrl":"https:\/\/spieltz.de\/verlag\/wp-content\/uploads\/2017\/11\/Berlin_board_game-Kopie-scaled.jpg","datePublished":"2017-11-04T01:08:06+00:00","dateModified":"2024-05-04T23:06:43+00:00","description":"Brettspiel Berlin: Wettlauf zum Fernsehturm f\u00fcr 2 - 4 Spieler ab 6 Jahren. Wer wird als Erster ankommen? Berlin Spiel f\u00fcr Jung und Alt.","breadcrumb":{"@id":"https:\/\/spieltz.de\/verlag\/shop\/spieldauer\/30-45-minuten\/brettspiel-berlin-der-schnellste-weg-zum-fernsehturm\/#breadcrumb"},"inLanguage":"de","potentialAction":[{"@type":"ReadAction","target":["https:\/\/spieltz.de\/verlag\/shop\/spieldauer\/30-45-minuten\/brettspiel-berlin-der-schnellste-weg-zum-fernsehturm\/"]}]},{"@type":"ImageObject","inLanguage":"de","@id":"https:\/\/spieltz.de\/verlag\/shop\/spieldauer\/30-45-minuten\/brettspiel-berlin-der-schnellste-weg-zum-fernsehturm\/#primaryimage","url":"https:\/\/spieltz.de\/verlag\/wp-content\/uploads\/2017\/11\/Berlin_board_game-Kopie-scaled.jpg","contentUrl":"https:\/\/spieltz.de\/verlag\/wp-content\/uploads\/2017\/11\/Berlin_board_game-Kopie-scaled.jpg","width":2560,"height":2560,"caption":"Brettspiel Berlin"},{"@type":"BreadcrumbList","@id":"https:\/\/spieltz.de\/verlag\/shop\/spieldauer\/30-45-minuten\/brettspiel-berlin-der-schnellste-weg-zum-fernsehturm\/#breadcrumb","itemListElement":[{"@type":"ListItem","position":1,"name":"Home","item":"https:\/\/spieltz.de\/verlag\/"},{"@type":"ListItem","position":2,"name":"Spieltz Verlag","item":"https:\/\/spieltz.de\/verlag\/"},{"@type":"ListItem","position":3,"name":"Brettspiel Berlin: Der schnellste Weg zum Fernsehturm"}]},{"@type":"WebSite","@id":"https:\/\/spieltz.de\/verlag\/#website","url":"https:\/\/spieltz.de\/verlag\/","name":"Spieltz Verlag","description":"Die Spielemacher. Verlagsprogramm.","potentialAction":[{"@type":"SearchAction","target":{"@type":"EntryPoint","urlTemplate":"https:\/\/spieltz.de\/verlag\/?s={search_term_string}"},"query-input":"required name=search_term_string"}],"inLanguage":"de"}]}},"_links":{"self":[{"href":"https:\/\/spieltz.de\/verlag\/wp-json\/wp\/v2\/product\/1196"}],"collection":[{"href":"https:\/\/spieltz.de\/verlag\/wp-json\/wp\/v2\/product"}],"about":[{"href":"https:\/\/spieltz.de\/verlag\/wp-json\/wp\/v2\/types\/product"}],"replies":[{"embeddable":true,"href":"https:\/\/spieltz.de\/verlag\/wp-json\/wp\/v2\/comments?post=1196"}],"wp:featuredmedia":[{"embeddable":true,"href":"https:\/\/spieltz.de\/verlag\/wp-json\/wp\/v2\/media\/1201"}],"wp:attachment":[{"href":"https:\/\/spieltz.de\/verlag\/wp-json\/wp\/v2\/media?parent=1196"}],"wp:term":[{"taxonomy":"product_cat","embeddable":true,"href":"https:\/\/spieltz.de\/verlag\/wp-json\/wp\/v2\/product_cat?post=1196"},{"taxonomy":"product_tag","embeddable":true,"href":"https:\/\/spieltz.de\/verlag\/wp-json\/wp\/v2\/product_tag?post=1196"}],"curies":[{"name":"wp","href":"https:\/\/api.w.org\/{rel}","templated":true}]}}