{"id":72,"date":"2014-10-12T03:25:29","date_gmt":"2014-10-12T01:25:29","guid":{"rendered":"http:\/\/spieltz.de\/agentur\/?page_id=72"},"modified":"2025-12-05T06:10:57","modified_gmt":"2025-12-05T04:10:57","slug":"kontakt","status":"publish","type":"page","link":"https:\/\/spieltz.de\/agentur\/kontakt\/","title":{"rendered":"Kontakt"},"content":{"rendered":"<h3>Nehmen Sie Kontakt auf<\/h3>\n<p>Spieltz &#8211; (er-)finde DEIN Spiel!<br \/>\nIdeenfeld GmbH<br \/>\nAgentur, Produktion\u00a0und Verlag<\/p>\n<p>Gesch\u00e4ftsf\u00fchrende Gesellschafterin: Karin Janner<\/p>\n<p><strong>Firmensitz<\/strong><br \/>\nGubener Stra\u00dfe 44<br \/>\n10243 Berlin<\/p>\n<p>Bitte kontaktieren Sie uns per Mail:\u00a0<a href=\"mailto:info@spieltz.de\">info@spieltz.de<br \/>\n<\/a>Gerne k\u00f6nnen wir einen telefonischen Beratungstermin vereinbaren.<\/p>\n<p><strong>Werkstatt \/ Abholung<\/strong><br \/>\nTorellstra\u00dfe 4<br \/>\n10243 Berlin<\/p>\n<p><strong><a href=\"https:\/\/spieltz.de\/agentur\/spieltz-team\/\" target=\"_blank\" rel=\"noopener\">SPIELTZ TEAM<\/a><\/strong><\/p>\n<p><strong><a href=\"http:\/\/spieltz.de\/agentur\/impressum\/\" target=\"_blank\" rel=\"noopener\">IMPRESSUM<\/a><\/strong><\/p>\n","protected":false},"excerpt":{"rendered":"<p>Nehmen Sie Kontakt auf Spieltz &#8211; (er-)finde DEIN Spiel! Ideenfeld GmbH Agentur, Produktion\u00a0und Verlag Gesch\u00e4ftsf\u00fchrende Gesellschafterin: Karin Janner Firmensitz Gubener Stra\u00dfe 44 10243 Berlin Bitte kontaktieren Sie uns per Mail:\u00a0info@spieltz.de Gerne k\u00f6nnen wir einen telefonischen Beratungstermin vereinbaren. Werkstatt \/ Abholung Torellstra\u00dfe 4 10243 Berlin SPIELTZ TEAM IMPRESSUM<\/p>\n","protected":false},"author":1,"featured_media":0,"parent":0,"menu_order":0,"comment_status":"open","ping_status":"open","template":"","meta":{"_themeisle_gutenberg_block_has_review":false,"footnotes":""},"_links":{"self":[{"href":"https:\/\/spieltz.de\/agentur\/wp-json\/wp\/v2\/pages\/72"}],"collection":[{"href":"https:\/\/spieltz.de\/agentur\/wp-json\/wp\/v2\/pages"}],"about":[{"href":"https:\/\/spieltz.de\/agentur\/wp-json\/wp\/v2\/types\/page"}],"author":[{"embeddable":true,"href":"https:\/\/spieltz.de\/agentur\/wp-json\/wp\/v2\/users\/1"}],"replies":[{"embeddable":true,"href":"https:\/\/spieltz.de\/agentur\/wp-json\/wp\/v2\/comments?post=72"}],"version-history":[{"count":10,"href":"https:\/\/spieltz.de\/agentur\/wp-json\/wp\/v2\/pages\/72\/revisions"}],"predecessor-version":[{"id":1756,"href":"https:\/\/spieltz.de\/agentur\/wp-json\/wp\/v2\/pages\/72\/revisions\/1756"}],"wp:attachment":[{"href":"https:\/\/spieltz.de\/agentur\/wp-json\/wp\/v2\/media?parent=72"}],"curies":[{"name":"wp","href":"https:\/\/api.w.org\/{rel}","templated":true}]}}