{"id":1782,"date":"2025-12-06T03:47:51","date_gmt":"2025-12-06T01:47:51","guid":{"rendered":"https:\/\/spieltz.de\/agentur\/?page_id=1782"},"modified":"2026-02-16T02:42:12","modified_gmt":"2026-02-16T00:42:12","slug":"spiele-blog","status":"publish","type":"page","link":"https:\/\/spieltz.de\/agentur\/spiele-blog\/","title":{"rendered":"Spieltz Blog"},"content":{"rendered":"\n<p>Unser Blog richtet sich an Unternehmen gleicherma\u00dfen wie an Spieleentwickler, Bastler und Brettspielfans. Entsprechend breit ist die Themenpalette.<\/p>\n\n\n\n<p><strong>F\u00fcr Unternehmen &amp; Auftraggeber<\/strong> Einblicke in Spieleentwicklung f\u00fcr B2B-Projekte: Wie entwickelt man ein Lernspiel? Welche Schritte durchl\u00e4uft ein Projekt? Was kostet was? Worauf kommt es an, damit ein Spiel die Zielgruppe erreicht?<\/p>\n\n\n\n<p><strong>F\u00fcr Spieleentwickler<\/strong> Praktische Anleitungen zur Spieleentwicklung: Vom ersten Konzept bis zur Ver\u00f6ffentlichung. H\u00e4ufige Fehler, Kosten-\u00dcbersichten, Verlag oder Selbstverlag, Produktionsabl\u00e4ufe.<\/p>\n\n\n\n<p><strong>Team, Messen, Neuigkeiten<\/strong> Wer steckt hinter Spieltz? Was erleben wir auf Messen? Neue Materialien im Shop, saisonale Aktionen, Geschichten aus dem Verlagsalltag.<\/p>\n\n\n\n<p><strong><a href=\"https:\/\/spieltz.de\/blog\/\" target=\"_blank\" rel=\"noreferrer noopener\"><strong>\u25ba <\/strong>Zum Blog<\/a><\/strong><\/p>\n","protected":false},"excerpt":{"rendered":"<p>Unser Blog richtet sich an Unternehmen gleicherma\u00dfen wie an Spieleentwickler, Bastler und Brettspielfans. Entsprechend breit ist die Themenpalette. F\u00fcr Unternehmen &amp; Auftraggeber Einblicke in Spieleentwicklung f\u00fcr B2B-Projekte: Wie entwickelt man ein Lernspiel? Welche Schritte durchl\u00e4uft ein Projekt? Was kostet was? Worauf kommt es an, damit ein Spiel die Zielgruppe erreicht? F\u00fcr Spieleentwickler Praktische Anleitungen zur [&hellip;]<\/p>\n","protected":false},"author":1,"featured_media":0,"parent":0,"menu_order":0,"comment_status":"closed","ping_status":"closed","template":"","meta":{"_themeisle_gutenberg_block_has_review":false,"footnotes":""},"_links":{"self":[{"href":"https:\/\/spieltz.de\/agentur\/wp-json\/wp\/v2\/pages\/1782"}],"collection":[{"href":"https:\/\/spieltz.de\/agentur\/wp-json\/wp\/v2\/pages"}],"about":[{"href":"https:\/\/spieltz.de\/agentur\/wp-json\/wp\/v2\/types\/page"}],"author":[{"embeddable":true,"href":"https:\/\/spieltz.de\/agentur\/wp-json\/wp\/v2\/users\/1"}],"replies":[{"embeddable":true,"href":"https:\/\/spieltz.de\/agentur\/wp-json\/wp\/v2\/comments?post=1782"}],"version-history":[{"count":4,"href":"https:\/\/spieltz.de\/agentur\/wp-json\/wp\/v2\/pages\/1782\/revisions"}],"predecessor-version":[{"id":1861,"href":"https:\/\/spieltz.de\/agentur\/wp-json\/wp\/v2\/pages\/1782\/revisions\/1861"}],"wp:attachment":[{"href":"https:\/\/spieltz.de\/agentur\/wp-json\/wp\/v2\/media?parent=1782"}],"curies":[{"name":"wp","href":"https:\/\/api.w.org\/{rel}","templated":true}]}}