{"id":128,"date":"2014-10-18T02:46:39","date_gmt":"2014-10-18T00:46:39","guid":{"rendered":"http:\/\/spieltz.de\/agentur\/?page_id=128"},"modified":"2026-02-16T00:50:24","modified_gmt":"2026-02-15T22:50:24","slug":"text-lektorat","status":"publish","type":"page","link":"https:\/\/spieltz.de\/agentur\/text-lektorat\/","title":{"rendered":"Text + Lektorat"},"content":{"rendered":"\n<h2 class=\"wp-block-heading\">Text und Lektorat f\u00fcr Spiele (Anleitungen, Karten, Begleitmaterial)<\/h2>\n\n\n\n<p>Spielanleitung texten? Texte f\u00fcr Fragek\u00e4rtchen entwerfen? Klingt wahrscheinlich einfach \u2013 ist es aber nicht.<\/p>\n\n\n\n<p>Das Schreiben einer guten Anleitung erfordert viel Wissen dar\u00fcber, wie Menschen ein Spiel erlernen. Welche Schritte muss ich erkl\u00e4ren, welche kann ich voraussetzen? Wie detailliert beschreibe ich Spielphasen? Wie gliedere und formuliere ich eine Anleitung, damit sie gut verstanden wird? Wie gestalte ich bei komplexen Spielen eine Kurz\u00fcbersicht? Wie gendere ich eine Anleitung, ohne dass die Lesbarkeit darunter leidet? Und wie schreibe ich verst\u00e4ndlich, inklusiv und barrierefrei?<\/p>\n\n\n\n<p>Auch bei Spielkarten gibt es einiges zu beachten: Wie viel Text passt auf die Karte? Welche Kartengr\u00f6\u00dfe brauche ich, damit ich meine Inhalte unterbringe? Wie formuliere ich so, dass alle Karten optisch zusammenpassen \u2013 und nicht manche zu leer, andere \u00fcberladen sind? Bei Quiz-Karten: Was geh\u00f6rt auf die Vorderseite, was auf die R\u00fcckseite, damit niemand versehentlich die Antwort vor der Frage liest? Oft sind es kleine \u00c4nderungen bei Zeilenumbr\u00fcchen oder Wortwahl, die das Kartenbild deutlich verbessern.<\/p>\n\n\n\n<p>Wir texten, layouten und lektorieren Ihre Spielanleitung, Karten, Spielpl\u00e4ne und Begleithefte \u2013 ob klassisch, in Einfacher Sprache oder mehrsprachig. <\/p>\n\n\n\n<p><strong>Unser Tipp:<\/strong> Am besten funktioniert es, wenn wir Ihr Spiel als Gesamtprojekt begleiten \u2013 von der Konzeption \u00fcber Text und Grafik bis zur Produktion. Dann greift alles optimal ineinander, es gibt weniger Reibungsverluste und das Ergebnis wird stimmiger. Wir \u00fcbernehmen aber auch Teilschritte.<\/p>\n\n\n\n<p><strong>Sprechen Sie uns an! <a class=\"underline\" href=\"mailto:info@spieltz.de\">info@spieltz.de<\/a><\/strong><\/p>\n","protected":false},"excerpt":{"rendered":"<p>Text und Lektorat f\u00fcr Spiele (Anleitungen, Karten, Begleitmaterial) Spielanleitung texten? Texte f\u00fcr Fragek\u00e4rtchen entwerfen? Klingt wahrscheinlich einfach \u2013 ist es aber nicht. Das Schreiben einer guten Anleitung erfordert viel Wissen dar\u00fcber, wie Menschen ein Spiel erlernen. Welche Schritte muss ich erkl\u00e4ren, welche kann ich voraussetzen? Wie detailliert beschreibe ich Spielphasen? Wie gliedere und formuliere ich [&hellip;]<\/p>\n","protected":false},"author":1,"featured_media":0,"parent":0,"menu_order":0,"comment_status":"open","ping_status":"open","template":"","meta":{"_themeisle_gutenberg_block_has_review":false,"footnotes":""},"_links":{"self":[{"href":"https:\/\/spieltz.de\/agentur\/wp-json\/wp\/v2\/pages\/128"}],"collection":[{"href":"https:\/\/spieltz.de\/agentur\/wp-json\/wp\/v2\/pages"}],"about":[{"href":"https:\/\/spieltz.de\/agentur\/wp-json\/wp\/v2\/types\/page"}],"author":[{"embeddable":true,"href":"https:\/\/spieltz.de\/agentur\/wp-json\/wp\/v2\/users\/1"}],"replies":[{"embeddable":true,"href":"https:\/\/spieltz.de\/agentur\/wp-json\/wp\/v2\/comments?post=128"}],"version-history":[{"count":11,"href":"https:\/\/spieltz.de\/agentur\/wp-json\/wp\/v2\/pages\/128\/revisions"}],"predecessor-version":[{"id":1829,"href":"https:\/\/spieltz.de\/agentur\/wp-json\/wp\/v2\/pages\/128\/revisions\/1829"}],"wp:attachment":[{"href":"https:\/\/spieltz.de\/agentur\/wp-json\/wp\/v2\/media?parent=128"}],"curies":[{"name":"wp","href":"https:\/\/api.w.org\/{rel}","templated":true}]}}